Last updated on 2022-07-06 04:55:19 CEST.
Flavor | Version | Tinstall | Tcheck | Ttotal | Status | Flags |
---|---|---|---|---|---|---|
r-devel-linux-x86_64-debian-clang | 1.1.5 | 4.92 | 77.60 | 82.52 | OK | |
r-devel-linux-x86_64-debian-gcc | 1.1.5 | 5.32 | 54.00 | 59.32 | OK | |
r-devel-linux-x86_64-fedora-clang | 1.1.5 | 108.11 | WARN | |||
r-devel-linux-x86_64-fedora-gcc | 1.1.5 | 108.82 | WARN | |||
r-devel-windows-x86_64 | 1.1.5 | 26.00 | 93.00 | 119.00 | OK | |
r-patched-linux-x86_64 | 1.1.5 | 6.94 | 75.22 | 82.16 | OK | |
r-release-linux-x86_64 | 1.1.5 | 5.84 | 74.47 | 80.31 | OK | |
r-release-macos-arm64 | 1.1.5 | 30.00 | OK | |||
r-release-macos-x86_64 | 1.1.5 | 42.00 | OK | |||
r-release-windows-x86_64 | 1.1.5 | 22.00 | 96.00 | 118.00 | OK | |
r-oldrel-macos-arm64 | 1.1.5 | 30.00 | OK | |||
r-oldrel-macos-x86_64 | 1.1.5 | 62.00 | OK | |||
r-oldrel-windows-ix86+x86_64 | 1.1.5 | 12.00 | 96.00 | 108.00 | OK |
Version: 1.1.5
Check: package dependencies
Result: WARN
Requires orphaned package: ‘gtools’
Flavors: r-devel-linux-x86_64-fedora-clang, r-devel-linux-x86_64-fedora-gcc