Last updated on 2023-12-02 03:57:52 CET.
Flavor | Version | Tinstall | Tcheck | Ttotal | Status | Flags |
---|---|---|---|---|---|---|
r-devel-linux-x86_64-debian-clang | 0.3.8 | 7.99 | 71.65 | 79.64 | NOTE | |
r-devel-linux-x86_64-debian-gcc | 0.3.8 | 5.16 | 53.45 | 58.61 | NOTE | |
r-devel-linux-x86_64-fedora-clang | 0.3.8 | 98.70 | OK | |||
r-devel-linux-x86_64-fedora-gcc | 0.3.8 | 102.95 | OK | |||
r-devel-windows-x86_64 | 0.3.8 | 9.00 | 75.00 | 84.00 | OK | |
r-patched-linux-x86_64 | 0.3.8 | 7.13 | 67.78 | 74.91 | OK | |
r-release-linux-x86_64 | 0.3.8 | 6.24 | 68.27 | 74.51 | OK | |
r-release-macos-arm64 | 0.3.8 | 36.00 | OK | |||
r-release-macos-x86_64 | 0.3.8 | 53.00 | OK | |||
r-release-windows-x86_64 | 0.3.8 | 11.00 | 86.00 | 97.00 | OK | |
r-oldrel-macos-arm64 | 0.3.8 | 28.00 | OK | |||
r-oldrel-macos-x86_64 | 0.3.8 | 46.00 | OK | |||
r-oldrel-windows-x86_64 | 0.3.8 | 11.00 | 88.00 | 99.00 | OK |
Version: 0.3.8
Check: Rd files
Result: NOTE
checkRd: (-1) fs_search.Rd:76: Lost braces
76 | \\code{\link{fs_auth}} \code{\link{fs_browse}}
| ^
Flavors: r-devel-linux-x86_64-debian-clang, r-devel-linux-x86_64-debian-gcc