CRAN Package Check Results for Package rgenoud

Last updated on 2024-02-26 03:59:19 CET.

Flavor Version Tinstall Tcheck Ttotal Status Flags
r-devel-linux-x86_64-debian-clang 5.9-0.10 19.94 49.64 69.58 OK
r-devel-linux-x86_64-debian-gcc 5.9-0.10 14.24 46.83 61.07 OK
r-devel-linux-x86_64-fedora-clang 5.9-0.10 88.07 NOTE
r-devel-linux-x86_64-fedora-gcc 5.9-0.10 111.74 OK
r-devel-windows-x86_64 5.9-0.10 19.00 96.00 115.00 OK
r-patched-linux-x86_64 5.9-0.10 16.62 64.08 80.70 OK
r-release-linux-x86_64 5.9-0.10 19.34 62.86 82.20 OK
r-release-macos-arm64 5.9-0.10 69.00 OK
r-release-macos-x86_64 5.9-0.10 121.00 OK
r-release-windows-x86_64 5.9-0.10 20.00 90.00 110.00 OK
r-oldrel-macos-arm64 5.9-0.10 41.00 OK
r-oldrel-windows-x86_64 5.9-0.10 20.00 97.00 117.00 OK

Check Details

Version: 5.9-0.10
Check: Rd cross-references
Result: NOTE Undeclared package ‘Matching’ in Rd xrefs Flavor: r-devel-linux-x86_64-fedora-clang