Last updated on 2023-01-29 03:55:24 CET.
Flavor | Version | Tinstall | Tcheck | Ttotal | Status | Flags |
---|---|---|---|---|---|---|
r-devel-linux-x86_64-debian-clang | 5.9-0.3 | 15.70 | 49.16 | 64.86 | OK | |
r-devel-linux-x86_64-debian-gcc | 5.9-0.3 | 11.92 | 45.86 | 57.78 | OK | |
r-devel-linux-x86_64-fedora-clang | 5.9-0.3 | 89.06 | NOTE | |||
r-devel-linux-x86_64-fedora-gcc | 5.9-0.3 | 117.01 | OK | |||
r-patched-linux-x86_64 | 5.9-0.3 | 10.71 | 69.51 | 80.22 | OK | |
r-release-linux-x86_64 | 5.9-0.3 | 11.05 | 72.08 | 83.13 | OK | |
r-release-macos-arm64 | 5.9-0.3 | 34.00 | OK | |||
r-release-macos-x86_64 | 5.9-0.3 | 45.00 | OK | |||
r-release-windows-x86_64 | 5.9-0.3 | 27.00 | 115.00 | 142.00 | OK | |
r-oldrel-macos-arm64 | 5.9-0.3 | 35.00 | OK | |||
r-oldrel-macos-x86_64 | 5.9-0.3 | 58.00 | OK | |||
r-oldrel-windows-ix86+x86_64 | 5.9-0.3 | 36.00 | 132.00 | 168.00 | OK |
Version: 5.9-0.3
Check: Rd cross-references
Result: NOTE
Undeclared package ‘Matching’ in Rd xrefs
Flavor: r-devel-linux-x86_64-fedora-clang