Last updated on 2023-12-10 04:00:08 CET.
Flavor | Version | Tinstall | Tcheck | Ttotal | Status | Flags |
---|---|---|---|---|---|---|
r-devel-linux-x86_64-debian-clang | 0.2.3 | 15.50 | 280.12 | 295.62 | NOTE | |
r-devel-linux-x86_64-debian-gcc | 0.2.3 | 10.91 | 208.17 | 219.08 | NOTE | |
r-devel-linux-x86_64-fedora-clang | 0.2.3 | 373.41 | OK | |||
r-devel-linux-x86_64-fedora-gcc | 0.2.3 | 406.28 | OK | |||
r-devel-windows-x86_64 | 0.2.3 | 35.00 | 270.00 | 305.00 | OK | |
r-patched-linux-x86_64 | 0.2.3 | 13.25 | 272.46 | 285.71 | OK | |
r-release-linux-x86_64 | 0.2.3 | 10.16 | 266.11 | 276.27 | OK | |
r-release-macos-arm64 | 0.2.3 | 227.00 | OK | |||
r-release-macos-x86_64 | 0.2.3 | 400.00 | OK | |||
r-release-windows-x86_64 | 0.2.3 | 39.00 | 327.00 | 366.00 | OK | |
r-oldrel-macos-arm64 | 0.2.3 | 237.00 | OK | |||
r-oldrel-macos-x86_64 | 0.2.3 | 224.00 | WARN | |||
r-oldrel-windows-x86_64 | 0.2.3 | 42.00 | 336.00 | 378.00 | OK |
Version: 0.2.3
Check: Rd files
Result: NOTE
checkRd: (-1) pkg_ref.Rd:74-93: Lost braces in \itemize; meant \describe ?
checkRd: (-1) pkg_ref.Rd:77: Lost braces in \itemize; meant \describe ?
checkRd: (-1) pkg_ref.Rd:78-80: Lost braces in \itemize; meant \describe ?
checkRd: (-1) pkg_ref.Rd:81-91: Lost braces in \itemize; meant \describe ?
checkRd: (-1) pkg_ref.Rd:84-85: Lost braces in \itemize; meant \describe ?
checkRd: (-1) pkg_ref.Rd:86-87: Lost braces in \itemize; meant \describe ?
checkRd: (-1) pkg_ref.Rd:88-89: Lost braces in \itemize; meant \describe ?
Flavors: r-devel-linux-x86_64-debian-clang, r-devel-linux-x86_64-debian-gcc
Version: 0.2.3
Check: whether package can be installed
Result: WARN
Found the following significant warnings:
Warning: unable to access index for repository https://cloud.r-project.org/src/contrib:
Flavor: r-oldrel-macos-x86_64
Version: 0.2.3
Check: whether the namespace can be loaded with stated dependencies
Result: NOTE
Warning: unable to access index for repository https://cloud.r-project.org/src/contrib:
cannot open URL 'https://cloud.r-project.org/src/contrib/PACKAGES'
A namespace must be able to be loaded with just the base namespace
loaded: otherwise if the namespace gets loaded by a saved object, the
session will be unable to start.
Probably some imports need to be declared in the NAMESPACE file.
Flavor: r-oldrel-macos-x86_64