CRAN Package Check Results for Package riskmetric

Last updated on 2023-03-27 04:53:22 CEST.

Flavor Version Tinstall Tcheck Ttotal Status Flags
r-devel-linux-x86_64-debian-clang 0.2.1 15.51 229.94 245.45 NOTE
r-devel-linux-x86_64-debian-gcc 0.2.1 12.20 152.19 164.39 NOTE
r-devel-linux-x86_64-fedora-clang 0.2.1 312.79 NOTE
r-devel-linux-x86_64-fedora-gcc 0.2.1 396.13 NOTE
r-patched-linux-x86_64 0.2.1 17.82 222.54 240.36 NOTE
r-release-linux-x86_64 0.2.1 16.95 237.78 254.73 OK
r-release-macos-arm64 0.2.1 169.00 OK
r-release-macos-x86_64 0.2.1 235.00 OK
r-release-windows-x86_64 0.2.1 242.00 336.00 578.00 OK
r-oldrel-macos-arm64 0.2.1 172.00 OK
r-oldrel-macos-x86_64 0.2.1 252.00 OK
r-oldrel-windows-ix86+x86_64 0.2.1 64.00 338.00 402.00 NOTE

Check Details

Version: 0.2.1
Check: Rd \usage sections
Result: NOTE
    S3 methods shown with full name in documentation object ‘pkg_ref_cache.archive_release_dates’:
     ‘pkg_ref_cache.archive_release_dates’
    
    S3 methods shown with full name in documentation object ‘pkg_ref_cache.bug_reports’:
     ‘pkg_ref_cache.bug_reports’
    
    S3 methods shown with full name in documentation object ‘pkg_ref_cache.bug_reports_host’:
     ‘pkg_ref_cache.bug_reports_host’
    
    S3 methods shown with full name in documentation object ‘pkg_ref_cache.bug_reports_url’:
     ‘pkg_ref_cache.bug_reports_url’
    
    S3 methods shown with full name in documentation object ‘pkg_ref_cache.covr_coverage’:
     ‘pkg_ref_cache.covr_coverage’
    
    S3 methods shown with full name in documentation object ‘pkg_ref_cache.description’:
     ‘pkg_ref_cache.description’
    
    S3 methods shown with full name in documentation object ‘pkg_ref_cache.expression_coverage’:
     ‘pkg_ref_cache.expression_coverage’
    
    S3 methods shown with full name in documentation object ‘pkg_ref_cache.help’:
     ‘pkg_ref_cache.help’
    
    S3 methods shown with full name in documentation object ‘pkg_ref_cache.help_aliases’:
     ‘pkg_ref_cache.help_aliases’
    
    S3 methods shown with full name in documentation object ‘pkg_ref_cache.license’:
     ‘pkg_ref_cache.license’
    
    S3 methods shown with full name in documentation object ‘pkg_ref_cache.maintainer’:
     ‘pkg_ref_cache.maintainer’
    
    S3 methods shown with full name in documentation object ‘pkg_ref_cache.news’:
     ‘pkg_ref_cache.news’
    
    S3 methods shown with full name in documentation object ‘pkg_ref_cache.news_urls’:
     ‘pkg_ref_cache.news_urls’
    
    S3 methods shown with full name in documentation object ‘pkg_ref_cache.r_cmd_check’:
     ‘pkg_ref_cache.r_cmd_check’
    
    S3 methods shown with full name in documentation object ‘pkg_ref_cache.release_date’:
     ‘pkg_ref_cache.release_date’
    
    S3 methods shown with full name in documentation object ‘pkg_ref_cache.remote_checks’:
     ‘pkg_ref_cache.remote_checks’
    
    S3 methods shown with full name in documentation object ‘pkg_ref_cache.repo_base_url’:
     ‘pkg_ref_cache.repo_base_url’
    
    S3 methods shown with full name in documentation object ‘pkg_ref_cache.tarball_url’:
     ‘pkg_ref_cache.tarball_url’
    
    S3 methods shown with full name in documentation object ‘pkg_ref_cache.vignettes’:
     ‘pkg_ref_cache.vignettes’
    
    S3 methods shown with full name in documentation object ‘pkg_ref_cache.web_html’:
     ‘pkg_ref_cache.web_html’
    
    S3 methods shown with full name in documentation object ‘pkg_ref_cache.web_url’:
     ‘pkg_ref_cache.web_url’
    
    S3 methods shown with full name in documentation object ‘pkg_ref_cache.website_urls’:
     ‘pkg_ref_cache.website_urls’
    
    The \usage entries for S3 methods should use the \method markup and not
    their full name.
    See chapter ‘Writing R documentation files’ in the ‘Writing R
    Extensions’ manual.
Flavors: r-devel-linux-x86_64-debian-clang, r-devel-linux-x86_64-debian-gcc, r-devel-linux-x86_64-fedora-clang, r-devel-linux-x86_64-fedora-gcc, r-patched-linux-x86_64

Version: 0.2.1
Check: R code for possible problems
Result: NOTE
    Initiating curl with CURL_SSL_BACKEND: openssl
Flavor: r-oldrel-windows-ix86+x86_64