Last updated on 2023-03-26 04:50:45 CEST.
Flavor | Version | Tinstall | Tcheck | Ttotal | Status | Flags |
---|---|---|---|---|---|---|
r-devel-linux-x86_64-debian-clang | 0.4.4 | 6.70 | 134.07 | 140.77 | OK | |
r-devel-linux-x86_64-debian-gcc | 0.4.4 | 5.77 | 102.28 | 108.05 | OK | |
r-devel-linux-x86_64-fedora-clang | 0.4.4 | 177.81 | NOTE | |||
r-devel-linux-x86_64-fedora-gcc | 0.4.4 | 177.59 | NOTE | |||
r-patched-linux-x86_64 | 0.4.4 | 7.08 | 129.44 | 136.52 | OK | |
r-release-linux-x86_64 | 0.4.4 | 4.60 | 125.28 | 129.88 | OK | |
r-release-macos-arm64 | 0.4.4 | 45.00 | OK | |||
r-release-macos-x86_64 | 0.4.4 | 63.00 | OK | |||
r-release-windows-x86_64 | 0.4.4 | 46.00 | 161.00 | 207.00 | OK | |
r-oldrel-macos-arm64 | 0.4.4 | 48.00 | OK | |||
r-oldrel-macos-x86_64 | 0.4.4 | 67.00 | OK | |||
r-oldrel-windows-ix86+x86_64 | 0.4.4 | 15.00 | 170.00 | 185.00 | NOTE |
Version: 0.4.4
Check: data for non-ASCII characters
Result: NOTE
Note: found 31 marked UTF-8 strings
Flavors: r-devel-linux-x86_64-fedora-clang, r-devel-linux-x86_64-fedora-gcc
Version: 0.4.4
Check: dependencies in R code
Result: NOTE
Initiating curl with CURL_SSL_BACKEND: openssl
Flavor: r-oldrel-windows-ix86+x86_64