Last updated on 2023-01-29 03:55:24 CET.
Flavor | Version | Tinstall | Tcheck | Ttotal | Status | Flags |
---|---|---|---|---|---|---|
r-devel-linux-x86_64-debian-clang | 0.3.2 | 6.26 | 122.91 | 129.17 | NOTE | |
r-devel-linux-x86_64-debian-gcc | 0.3.2 | 4.71 | 93.31 | 98.02 | NOTE | |
r-devel-linux-x86_64-fedora-clang | 0.3.2 | 157.71 | NOTE | |||
r-devel-linux-x86_64-fedora-gcc | 0.3.2 | 165.14 | NOTE | |||
r-devel-windows-x86_64 | 0.3.2 | 40.00 | 156.00 | 196.00 | NOTE | |
r-patched-linux-x86_64 | 0.3.2 | 6.06 | 119.69 | 125.75 | NOTE | |
r-release-linux-x86_64 | 0.3.2 | 6.26 | 113.06 | 119.32 | NOTE | |
r-release-macos-arm64 | 0.3.2 | 47.00 | NOTE | |||
r-release-macos-x86_64 | 0.3.2 | 64.00 | NOTE | |||
r-release-windows-x86_64 | 0.3.2 | 37.00 | 160.00 | 197.00 | NOTE | |
r-oldrel-macos-arm64 | 0.3.2 | 52.00 | NOTE | |||
r-oldrel-macos-x86_64 | 0.3.2 | 68.00 | NOTE | |||
r-oldrel-windows-ix86+x86_64 | 0.3.2 | 18.00 | 148.00 | 166.00 | NOTE |
Version: 0.3.2
Check: package dependencies
Result: NOTE
Package suggested but not available for checking: ‘rnaturalearthhires’
Flavors: r-devel-linux-x86_64-debian-clang, r-devel-linux-x86_64-debian-gcc, r-devel-linux-x86_64-fedora-clang, r-devel-linux-x86_64-fedora-gcc, r-devel-windows-x86_64, r-patched-linux-x86_64, r-release-linux-x86_64, r-release-macos-arm64, r-release-macos-x86_64, r-release-windows-x86_64, r-oldrel-macos-arm64, r-oldrel-macos-x86_64, r-oldrel-windows-ix86+x86_64
Version: 0.3.2
Check: Rd cross-references
Result: NOTE
Undeclared package ‘raster’ in Rd xrefs
Flavor: r-devel-linux-x86_64-fedora-clang
Version: 0.3.2
Check: data for non-ASCII characters
Result: NOTE
Note: found 416 marked Latin-1 strings
Flavors: r-devel-linux-x86_64-fedora-clang, r-devel-linux-x86_64-fedora-gcc