Last updated on 2023-12-10 04:00:08 CET.
Flavor | Version | Tinstall | Tcheck | Ttotal | Status | Flags |
---|---|---|---|---|---|---|
r-devel-linux-x86_64-debian-clang | 0.7.13 | 3.50 | 46.53 | 50.03 | NOTE | |
r-devel-linux-x86_64-debian-gcc | 0.7.13 | 2.78 | 35.19 | 37.97 | NOTE | |
r-devel-linux-x86_64-fedora-clang | 0.7.13 | 60.88 | NOTE | |||
r-devel-linux-x86_64-fedora-gcc | 0.7.13 | 69.64 | NOTE | |||
r-devel-windows-x86_64 | 0.7.13 | 5.00 | 60.00 | 65.00 | NOTE | |
r-patched-linux-x86_64 | 0.7.13 | 3.34 | 43.72 | 47.06 | NOTE | |
r-release-linux-x86_64 | 0.7.13 | 2.22 | 44.17 | 46.39 | NOTE | |
r-release-macos-arm64 | 0.7.13 | 31.00 | NOTE | |||
r-release-macos-x86_64 | 0.7.13 | 45.00 | NOTE | |||
r-release-windows-x86_64 | 0.7.13 | 5.00 | 65.00 | 70.00 | NOTE | |
r-oldrel-macos-arm64 | 0.7.13 | 25.00 | NOTE | |||
r-oldrel-macos-x86_64 | 0.7.13 | 33.00 | NOTE | |||
r-oldrel-windows-x86_64 | 0.7.13 | 5.00 | 64.00 | 69.00 | NOTE |
Version: 0.7.13
Check: LazyData
Result: NOTE
'LazyData' is specified without a 'data' directory
Flavors: r-devel-linux-x86_64-debian-clang, r-devel-linux-x86_64-debian-gcc, r-devel-linux-x86_64-fedora-clang, r-devel-linux-x86_64-fedora-gcc, r-devel-windows-x86_64, r-patched-linux-x86_64, r-release-linux-x86_64, r-release-macos-arm64, r-release-macos-x86_64, r-release-windows-x86_64, r-oldrel-macos-arm64, r-oldrel-macos-x86_64, r-oldrel-windows-x86_64
Version: 0.7.13
Check: dependencies in R code
Result: NOTE
Namespace in Imports field not imported from: ‘future’
All declared Imports should be used.
Flavors: r-devel-linux-x86_64-fedora-clang, r-devel-linux-x86_64-fedora-gcc, r-oldrel-macos-arm64, r-oldrel-macos-x86_64