CRAN Package Check Results for Package robustHD

Last updated on 2023-10-02 05:06:49 CEST.

Flavor Version Tinstall Tcheck Ttotal Status Flags
r-devel-linux-x86_64-debian-clang 0.8.0 138.36 141.02 279.38 OK
r-devel-linux-x86_64-debian-gcc 0.8.0 90.42 103.37 193.79 OK
r-devel-linux-x86_64-fedora-clang 0.8.0 410.03 OK
r-devel-linux-x86_64-fedora-gcc 0.8.0 397.62 OK
r-devel-windows-x86_64 0.8.0 105.00 148.00 253.00 OK
r-patched-linux-x86_64 0.7.4 104.83 130.01 234.84 OK
r-release-linux-x86_64 0.8.0 123.79 136.38 260.17 OK
r-release-macos-arm64 0.8.0 87.00 NOTE
r-release-macos-x86_64 0.8.0 146.00 NOTE
r-release-windows-x86_64 0.8.0 131.00 176.00 307.00 OK
r-oldrel-macos-arm64 0.8.0 184.00 NOTE
r-oldrel-macos-x86_64 0.8.0 185.00 NOTE
r-oldrel-windows-x86_64 0.8.0 129.00 170.00 299.00 OK

Check Details

Version: 0.8.0
Check: installed package size
Result: NOTE
     installed size is 6.9Mb
     sub-directories of 1Mb or more:
     data 1.5Mb
     libs 4.9Mb
Flavors: r-release-macos-arm64, r-release-macos-x86_64, r-oldrel-macos-arm64, r-oldrel-macos-x86_64