Last updated on 2023-11-28 04:03:22 CET.
Flavor | Version | Tinstall | Tcheck | Ttotal | Status | Flags |
---|---|---|---|---|---|---|
r-devel-linux-x86_64-debian-clang | 0.3.12 | 14.48 | 117.76 | 132.24 | OK | |
r-devel-linux-x86_64-debian-gcc | 0.3.12 | 14.32 | 87.23 | 101.55 | OK | |
r-devel-linux-x86_64-fedora-clang | 0.3.12 | 173.46 | OK | |||
r-devel-linux-x86_64-fedora-gcc | 0.3.12 | 158.13 | OK | |||
r-devel-windows-x86_64 | 0.3.12 | 15.00 | 117.00 | 132.00 | OK | |
r-patched-linux-x86_64 | 0.3.12 | 25.13 | 111.87 | 137.00 | OK | |
r-release-linux-x86_64 | 0.3.12 | 12.42 | 111.05 | 123.47 | OK | |
r-release-macos-arm64 | 0.3.12 | 48.00 | OK | |||
r-release-macos-x86_64 | 0.3.12 | 73.00 | NOTE | |||
r-release-windows-x86_64 | 0.3.12 | 21.00 | 132.00 | 153.00 | OK | |
r-oldrel-macos-arm64 | 0.3.12 | 33.00 | OK | |||
r-oldrel-macos-x86_64 | 0.3.12 | 63.00 | OK | |||
r-oldrel-windows-x86_64 | 0.3.12 | 22.00 | 130.00 | 152.00 | OK |
Version: 0.3.12
Check: package dependencies
Result: NOTE
Package suggested but not available for checking: ‘MBESS’
Flavor: r-release-macos-x86_64