CRAN Package Check Results for Package rpf

Last updated on 2022-12-03 03:57:19 CET.

Flavor Version Tinstall Tcheck Ttotal Status Flags
r-devel-linux-x86_64-debian-clang 1.0.11 159.12 100.14 259.26 OK
r-devel-linux-x86_64-debian-gcc 1.0.11 123.48 76.44 199.92 OK
r-devel-linux-x86_64-fedora-clang 1.0.11 361.51 OK
r-devel-linux-x86_64-fedora-gcc 1.0.11 355.30 OK
r-devel-windows-x86_64 1.0.11 144.00 169.00 313.00 OK
r-patched-linux-x86_64 1.0.11 135.42 92.43 227.85 OK
r-release-linux-x86_64 1.0.11 125.69 90.24 215.93 OK
r-release-macos-arm64 1.0.11 94.00 NOTE
r-release-macos-x86_64 1.0.11 116.00 NOTE
r-release-windows-x86_64 1.0.11 139.00 166.00 305.00 OK
r-oldrel-macos-arm64 1.0.11 95.00 NOTE
r-oldrel-macos-x86_64 1.0.11 133.00 NOTE
r-oldrel-windows-ix86+x86_64 1.0.11 325.00 164.00 489.00 OK

Check Details

Version: 1.0.11
Check: installed package size
Result: NOTE
     installed size is 22.4Mb
     sub-directories of 1Mb or more:
     libs 21.4Mb
Flavors: r-release-macos-arm64, r-release-macos-x86_64, r-oldrel-macos-arm64, r-oldrel-macos-x86_64