CRAN Package Check Results for Package rr2

Last updated on 2022-08-09 04:52:31 CEST.

Flavor Version Tinstall Tcheck Ttotal Status Flags
r-devel-linux-x86_64-debian-clang 1.0.2 11.64 108.08 119.72 NOTE
r-devel-linux-x86_64-debian-gcc 1.0.2 9.21 80.06 89.27 NOTE
r-devel-linux-x86_64-fedora-clang 1.0.2 147.52 NOTE
r-devel-linux-x86_64-fedora-gcc 1.0.2 146.94 NOTE
r-devel-windows-x86_64 1.0.2 17.00 126.00 143.00 NOTE
r-patched-linux-x86_64 1.0.2 9.98 98.44 108.42 NOTE
r-release-linux-x86_64 1.0.2 NOTE
r-release-macos-arm64 1.0.2 42.00 NOTE
r-release-macos-x86_64 1.0.2 78.00 NOTE
r-release-windows-x86_64 1.0.2 16.00 123.00 139.00 NOTE
r-oldrel-macos-arm64 1.0.2 47.00 NOTE
r-oldrel-macos-x86_64 1.0.2 71.00 NOTE
r-oldrel-windows-ix86+x86_64 1.0.2 22.00 121.00 143.00 NOTE

Check Details

Version: 1.0.2
Check: LazyData
Result: NOTE
     'LazyData' is specified without a 'data' directory
Flavors: r-devel-linux-x86_64-debian-clang, r-devel-linux-x86_64-debian-gcc, r-devel-linux-x86_64-fedora-clang, r-devel-linux-x86_64-fedora-gcc, r-devel-windows-x86_64, r-patched-linux-x86_64, r-release-linux-x86_64, r-release-macos-arm64, r-release-macos-x86_64, r-release-windows-x86_64, r-oldrel-macos-arm64, r-oldrel-macos-x86_64, r-oldrel-windows-ix86+x86_64