CRAN Package Check Results for Package rsinaica

Last updated on 2022-12-03 03:57:19 CET.

Flavor Version Tinstall Tcheck Ttotal Status Flags
r-devel-linux-x86_64-debian-clang 0.6.1 5.92 60.81 66.73 OK
r-devel-linux-x86_64-debian-gcc 0.6.1 5.57 45.51 51.08 OK
r-devel-linux-x86_64-fedora-clang 0.6.1 98.13 NOTE
r-devel-linux-x86_64-fedora-gcc 0.6.1 95.26 NOTE
r-devel-windows-x86_64 0.6.1 14.00 87.00 101.00 OK
r-patched-linux-x86_64 0.6.1 6.40 58.85 65.25 OK
r-release-linux-x86_64 0.6.1 5.72 57.92 63.64 OK
r-release-macos-arm64 0.6.1 28.00 NOTE
r-release-macos-x86_64 0.6.1 53.00 NOTE
r-release-windows-x86_64 0.6.1 22.00 101.00 123.00 OK
r-oldrel-macos-arm64 0.6.1 35.00 NOTE
r-oldrel-macos-x86_64 0.6.1 1803.00 NOTE
r-oldrel-windows-ix86+x86_64 0.6.1 16.00 92.00 108.00 OK

Check Details

Version: 0.6.1
Check: data for non-ASCII characters
Result: NOTE
     Note: found 467 marked UTF-8 strings
Flavors: r-devel-linux-x86_64-fedora-clang, r-devel-linux-x86_64-fedora-gcc, r-release-macos-arm64, r-release-macos-x86_64, r-oldrel-macos-arm64, r-oldrel-macos-x86_64