CRAN Package Check Results for Package rsvg

Last updated on 2022-10-02 04:50:07 CEST.

Flavor Version Tinstall Tcheck Ttotal Status Flags
r-devel-linux-x86_64-debian-clang 2.3.1 3.39 32.16 35.55 OK
r-devel-linux-x86_64-debian-gcc 2.3.1 2.28 24.69 26.97 OK
r-devel-linux-x86_64-fedora-clang 2.3.1 58.29 OK
r-devel-linux-x86_64-fedora-gcc 2.3.1 53.90 OK
r-devel-windows-x86_64 2.3.1 30.00 195.00 225.00 NOTE
r-patched-linux-x86_64 2.3.1 2.76 30.70 33.46 OK
r-release-linux-x86_64 2.3.1 3.11 31.08 34.19 OK
r-release-macos-arm64 2.3.1 54.00 NOTE
r-release-macos-x86_64 2.3.1 73.00 NOTE
r-release-windows-x86_64 2.3.1 86.00 195.00 281.00 NOTE
r-oldrel-macos-arm64 2.3.1 54.00 NOTE
r-oldrel-macos-x86_64 2.3.1 120.00 NOTE
r-oldrel-windows-ix86+x86_64 2.3.1 33.00 216.00 249.00 NOTE

Check Details

Version: 2.3.1
Check: installed package size
Result: NOTE
     installed size is 15.2Mb
     sub-directories of 1Mb or more:
     libs 14.9Mb
Flavors: r-devel-windows-x86_64, r-release-macos-arm64, r-release-macos-x86_64, r-release-windows-x86_64, r-oldrel-macos-arm64, r-oldrel-macos-x86_64, r-oldrel-windows-ix86+x86_64