CRAN Package Check Results for Package rties

Last updated on 2022-08-13 04:57:58 CEST.

Flavor Version Tinstall Tcheck Ttotal Status Flags
r-devel-linux-x86_64-debian-clang 5.0.0 10.95 223.22 234.17 OK
r-devel-linux-x86_64-debian-gcc 5.0.0 7.73 162.09 169.82 OK
r-devel-linux-x86_64-fedora-clang 5.0.0 285.08 NOTE
r-devel-linux-x86_64-fedora-gcc 5.0.0 289.30 NOTE
r-devel-windows-x86_64 5.0.0 29.00 251.00 280.00 OK
r-patched-linux-x86_64 5.0.0 10.86 211.25 222.11 OK
r-release-linux-x86_64 5.0.0 7.53 209.82 217.35 OK
r-release-macos-arm64 5.0.0 85.00 NOTE
r-release-macos-x86_64 5.0.0 140.00 NOTE
r-release-windows-x86_64 5.0.0 34.00 256.00 290.00 OK
r-oldrel-macos-arm64 5.0.0 117.00 NOTE
r-oldrel-macos-x86_64 5.0.0 153.00 NOTE
r-oldrel-windows-ix86+x86_64 5.0.0 22.00 263.00 285.00 OK

Check Details

Version: 5.0.0
Check: dependencies in R code
Result: NOTE
    Namespaces in Imports field not imported from:
     ‘DescTools’ ‘MASS’ ‘gridExtra’
     All declared Imports should be used.
Flavors: r-devel-linux-x86_64-fedora-clang, r-devel-linux-x86_64-fedora-gcc, r-release-macos-arm64, r-release-macos-x86_64, r-oldrel-macos-arm64, r-oldrel-macos-x86_64