CRAN Package Check Results for Package rtodoist

Last updated on 2022-12-05 03:55:10 CET.

Flavor Version Tinstall Tcheck Ttotal Status Flags
r-devel-linux-x86_64-debian-clang 0.1.0 5.64 52.64 58.28 NOTE
r-devel-linux-x86_64-debian-gcc 0.1.0 4.45 39.74 44.19 NOTE
r-devel-linux-x86_64-fedora-clang 0.1.0 83.59 NOTE
r-devel-linux-x86_64-fedora-gcc 0.1.0 78.38 NOTE
r-devel-windows-x86_64 0.1.0 27.00 84.00 111.00 NOTE
r-patched-linux-x86_64 0.1.0 3.79 48.60 52.39 NOTE
r-release-linux-x86_64 0.1.0 5.39 49.31 54.70 NOTE
r-release-macos-arm64 0.1.0 24.00 NOTE
r-release-macos-x86_64 0.1.0 47.00 NOTE
r-release-windows-x86_64 0.1.0 21.00 81.00 102.00 NOTE
r-oldrel-macos-arm64 0.1.0 30.00 NOTE
r-oldrel-macos-x86_64 0.1.0 35.00 NOTE
r-oldrel-windows-ix86+x86_64 0.1.0 14.00 76.00 90.00 NOTE

Check Details

Version: 0.1.0
Check: LazyData
Result: NOTE
     'LazyData' is specified without a 'data' directory
Flavors: r-devel-linux-x86_64-debian-clang, r-devel-linux-x86_64-debian-gcc, r-devel-linux-x86_64-fedora-clang, r-devel-linux-x86_64-fedora-gcc, r-devel-windows-x86_64, r-patched-linux-x86_64, r-release-linux-x86_64, r-release-macos-arm64, r-release-macos-x86_64, r-release-windows-x86_64, r-oldrel-macos-arm64, r-oldrel-macos-x86_64, r-oldrel-windows-ix86+x86_64