CRAN Package Check Results for Package rtrek

Last updated on 2022-12-07 03:57:35 CET.

Flavor Version Tinstall Tcheck Ttotal Status Flags
r-devel-linux-x86_64-debian-clang 0.3.3 8.01 51.48 59.49 OK
r-devel-linux-x86_64-debian-gcc 0.3.3 5.75 38.54 44.29 OK
r-devel-linux-x86_64-fedora-clang 0.3.3 84.70 NOTE
r-devel-linux-x86_64-fedora-gcc 0.3.3 93.86 NOTE
r-devel-windows-x86_64 0.3.3 12.00 80.00 92.00 OK
r-patched-linux-x86_64 0.3.3 4.82 47.49 52.31 OK
r-release-linux-x86_64 0.3.3 4.34 56.81 61.15 OK
r-release-macos-arm64 0.3.3 27.00 NOTE
r-release-macos-x86_64 0.3.3 53.00 NOTE
r-release-windows-x86_64 0.3.3 20.00 99.00 119.00 OK
r-oldrel-macos-arm64 0.3.3 30.00 NOTE
r-oldrel-macos-x86_64 0.3.3 40.00 NOTE
r-oldrel-windows-ix86+x86_64 0.3.3 15.00 73.00 88.00 OK

Additional issues

donttest

Check Details

Version: 0.3.3
Check: dependencies in R code
Result: NOTE
    Namespaces in Imports field not imported from:
     ‘memoise’ ‘tidyr’
     All declared Imports should be used.
Flavors: r-devel-linux-x86_64-fedora-clang, r-devel-linux-x86_64-fedora-gcc, r-release-macos-arm64, r-release-macos-x86_64, r-oldrel-macos-arm64, r-oldrel-macos-x86_64

Version: 0.3.3
Check: data for non-ASCII characters
Result: NOTE
     Note: found 37 marked UTF-8 strings
Flavors: r-devel-linux-x86_64-fedora-clang, r-devel-linux-x86_64-fedora-gcc, r-release-macos-arm64, r-release-macos-x86_64, r-oldrel-macos-arm64, r-oldrel-macos-x86_64

Version: 0.3.3
Check: package dependencies
Result: NOTE
    Packages suggested but not available for checking: 'showtext', 'sysfonts'
Flavor: r-oldrel-macos-arm64