Last updated on 2023-12-02 03:57:53 CET.
Flavor | Version | Tinstall | Tcheck | Ttotal | Status | Flags |
---|---|---|---|---|---|---|
r-devel-linux-x86_64-debian-clang | 0.4.0 | 7.23 | 55.98 | 63.21 | OK | |
r-devel-linux-x86_64-debian-gcc | 0.4.0 | 5.59 | 41.48 | 47.07 | OK | |
r-devel-linux-x86_64-fedora-clang | 0.4.0 | 77.63 | NOTE | |||
r-devel-linux-x86_64-fedora-gcc | 0.4.0 | 85.32 | NOTE | |||
r-devel-windows-x86_64 | 0.4.0 | 8.00 | 67.00 | 75.00 | OK | |
r-patched-linux-x86_64 | 0.4.0 | 5.08 | 52.60 | 57.68 | OK | |
r-release-linux-x86_64 | 0.4.0 | 4.65 | 52.45 | 57.10 | OK | |
r-release-macos-arm64 | 0.4.0 | 38.00 | OK | |||
r-release-macos-x86_64 | 0.4.0 | 69.00 | OK | |||
r-release-windows-x86_64 | 0.4.0 | 11.00 | 74.00 | 85.00 | OK | |
r-oldrel-macos-arm64 | 0.4.0 | 44.00 | OK | |||
r-oldrel-macos-x86_64 | 0.4.0 | 48.00 | OK | |||
r-oldrel-windows-x86_64 | 0.4.0 | 11.00 | 72.00 | 83.00 | OK |
Version: 0.4.0
Check: data for non-ASCII characters
Result: NOTE
Note: found 37 marked UTF-8 strings
Flavors: r-devel-linux-x86_64-fedora-clang, r-devel-linux-x86_64-fedora-gcc