Last updated on 2022-07-01 04:53:06 CEST.
Flavor | Version | Tinstall | Tcheck | Ttotal | Status | Flags |
---|---|---|---|---|---|---|
r-devel-linux-x86_64-debian-clang | 0.1.8 | 3.40 | 31.87 | 35.27 | NOTE | |
r-devel-linux-x86_64-debian-gcc | 0.1.8 | 2.93 | 24.51 | 27.44 | NOTE | |
r-devel-linux-x86_64-fedora-clang | 0.1.8 | 53.97 | NOTE | |||
r-devel-linux-x86_64-fedora-gcc | 0.1.8 | 53.97 | NOTE | |||
r-devel-windows-x86_64 | 0.1.8 | 76.00 | 66.00 | 142.00 | NOTE | |
r-patched-linux-x86_64 | 0.1.8 | 4.25 | 31.29 | 35.54 | NOTE | |
r-release-linux-x86_64 | 0.1.8 | 2.39 | 31.15 | 33.54 | NOTE | |
r-release-macos-arm64 | 0.1.8 | 19.00 | NOTE | |||
r-release-macos-x86_64 | 0.1.8 | 33.00 | NOTE | |||
r-release-windows-x86_64 | 0.1.8 | 58.00 | 66.00 | 124.00 | NOTE | |
r-oldrel-macos-arm64 | 0.1.8 | 23.00 | NOTE | |||
r-oldrel-macos-x86_64 | 0.1.8 | 27.00 | NOTE | |||
r-oldrel-windows-ix86+x86_64 | 0.1.8 | 8.00 | 52.00 | 60.00 | NOTE |
Version: 0.1.8
Check: LazyData
Result: NOTE
'LazyData' is specified without a 'data' directory
Flavors: r-devel-linux-x86_64-debian-clang, r-devel-linux-x86_64-debian-gcc, r-devel-linux-x86_64-fedora-clang, r-devel-linux-x86_64-fedora-gcc, r-devel-windows-x86_64, r-patched-linux-x86_64, r-release-linux-x86_64, r-release-macos-arm64, r-release-macos-x86_64, r-release-windows-x86_64, r-oldrel-macos-arm64, r-oldrel-macos-x86_64, r-oldrel-windows-ix86+x86_64