CRAN Package Check Results for Package sBIC

Last updated on 2022-10-05 04:51:04 CEST.

Flavor Version Tinstall Tcheck Ttotal Status Flags
r-devel-linux-x86_64-debian-clang 0.2.0 22.86 192.37 215.23 OK
r-devel-linux-x86_64-debian-gcc 0.2.0 16.25 139.28 155.53 OK
r-devel-linux-x86_64-fedora-clang 0.2.0 274.02 NOTE
r-devel-linux-x86_64-fedora-gcc 0.2.0 258.83 NOTE
r-devel-windows-x86_64 0.2.0 55.00 268.00 323.00 OK
r-patched-linux-x86_64 0.2.0 16.33 180.85 197.18 OK
r-release-linux-x86_64 0.2.0 16.91 183.49 200.40 OK
r-release-macos-arm64 0.2.0 77.00 OK
r-release-macos-x86_64 0.2.0 95.00 OK
r-release-windows-x86_64 0.2.0 61.00 267.00 328.00 OK
r-oldrel-macos-arm64 0.2.0 81.00 OK
r-oldrel-macos-x86_64 0.2.0 125.00 OK
r-oldrel-windows-ix86+x86_64 0.2.0 54.00 120.00 174.00 OK

Check Details

Version: 0.2.0
Check: compiled code
Result: NOTE
    File ‘sBIC/libs/sBIC.so’:
     Found no calls to: ‘R_registerRoutines’, ‘R_useDynamicSymbols’
    
    It is good practice to register native routines and to disable symbol
    search.
    
    See ‘Writing portable packages’ in the ‘Writing R Extensions’ manual.
Flavors: r-devel-linux-x86_64-fedora-clang, r-devel-linux-x86_64-fedora-gcc