Last updated on 2023-06-09 04:53:12 CEST.
Flavor | Version | Tinstall | Tcheck | Ttotal | Status | Flags |
---|---|---|---|---|---|---|
r-devel-linux-x86_64-debian-clang | 0.2.1 | 9.56 | 60.34 | 69.90 | OK | |
r-devel-linux-x86_64-debian-gcc | 0.2.1 | 6.90 | 46.06 | 52.96 | OK | |
r-devel-linux-x86_64-fedora-clang | 0.2.1 | 86.97 | NOTE | |||
r-devel-linux-x86_64-fedora-gcc | 0.2.1 | 94.01 | NOTE | |||
r-devel-windows-x86_64 | 0.2.1 | 10.00 | 67.00 | 77.00 | OK | |
r-patched-linux-x86_64 | 0.2.1 | 7.21 | 57.28 | 64.49 | OK | |
r-release-linux-x86_64 | 0.2.1 | 7.36 | 57.24 | 64.60 | OK | |
r-release-macos-arm64 | 0.2.1 | 33.00 | OK | |||
r-release-macos-x86_64 | 0.2.1 | 52.00 | OK | |||
r-release-windows-x86_64 | 0.2.1 | 11.00 | 75.00 | 86.00 | OK | |
r-oldrel-macos-arm64 | 0.2.1 | 25.00 | NOTE | |||
r-oldrel-macos-x86_64 | 0.2.1 | 35.00 | NOTE | |||
r-oldrel-windows-x86_64 | 0.2.1 | 11.00 | 73.00 | 84.00 | OK |
Version: 0.2.1
Check: dependencies in R code
Result: NOTE
Namespaces in Imports field not imported from:
‘CARBayesdata’ ‘MASS’ ‘nimble’
All declared Imports should be used.
Flavors: r-devel-linux-x86_64-fedora-clang, r-devel-linux-x86_64-fedora-gcc, r-oldrel-macos-arm64, r-oldrel-macos-x86_64