Last updated on 2023-01-29 03:55:25 CET.
Flavor | Version | Tinstall | Tcheck | Ttotal | Status | Flags |
---|---|---|---|---|---|---|
r-devel-linux-x86_64-debian-clang | 3.2.1 | 12.22 | 296.81 | 309.03 | OK | |
r-devel-linux-x86_64-debian-gcc | 3.2.1 | 10.36 | 215.06 | 225.42 | OK | |
r-devel-linux-x86_64-fedora-clang | 3.2.1 | 375.97 | NOTE | |||
r-devel-linux-x86_64-fedora-gcc | 3.2.1 | 382.40 | NOTE | |||
r-patched-linux-x86_64 | 3.2.1 | 13.30 | 281.19 | 294.49 | OK | |
r-release-linux-x86_64 | 3.2.1 | 11.13 | 282.61 | 293.74 | OK | |
r-release-macos-arm64 | 3.2.1 | 121.00 | NOTE | |||
r-release-macos-x86_64 | 3.2.1 | 153.00 | NOTE | |||
r-release-windows-x86_64 | 3.2.1 | 23.00 | 333.00 | 356.00 | OK | |
r-oldrel-macos-arm64 | 3.2.1 | 116.00 | NOTE | |||
r-oldrel-macos-x86_64 | 3.2.1 | 148.00 | NOTE | |||
r-oldrel-windows-ix86+x86_64 | 3.2.1 | 28.00 | 341.00 | 369.00 | OK |
Version: 3.2.1
Check: dependencies in R code
Result: NOTE
Namespace in Imports field not imported from: ‘crayon’
All declared Imports should be used.
Flavors: r-devel-linux-x86_64-fedora-clang, r-devel-linux-x86_64-fedora-gcc, r-release-macos-arm64, r-release-macos-x86_64, r-oldrel-macos-arm64, r-oldrel-macos-x86_64