Last updated on 2023-01-30 04:52:33 CET.
Flavor | Version | Tinstall | Tcheck | Ttotal | Status | Flags |
---|---|---|---|---|---|---|
r-devel-linux-x86_64-debian-clang | 1.0.2 | 66.06 | 82.77 | 148.83 | OK | |
r-devel-linux-x86_64-debian-gcc | 1.0.2 | 52.43 | 60.59 | 113.02 | NOTE | |
r-devel-windows-x86_64 | 1.0.2 | 273.00 | 140.00 | 413.00 | NOTE | |
r-patched-linux-x86_64 | 1.0.2 | 58.72 | 75.92 | 134.64 | OK | |
r-release-linux-x86_64 | 1.0.2 | 57.62 | 78.15 | 135.77 | OK | |
r-release-macos-arm64 | 1.0.2 | 53.00 | NOTE | |||
r-release-macos-x86_64 | 1.0.2 | 76.00 | NOTE | |||
r-release-windows-x86_64 | 1.0.2 | 71.00 | 137.00 | 208.00 | OK | |
r-oldrel-macos-arm64 | 1.0.2 | 52.00 | NOTE | |||
r-oldrel-macos-x86_64 | 1.0.2 | 74.00 | NOTE | |||
r-oldrel-windows-ix86+x86_64 | 1.0.2 | 170.00 | 157.00 | 327.00 | OK |
Version: 1.0.2
Check: C++ specification
Result: NOTE
Specified C++11: please update to current default of C++17
Flavors: r-devel-linux-x86_64-debian-gcc, r-devel-windows-x86_64
Version: 1.0.2
Check: installed package size
Result: NOTE
installed size is 5.8Mb
sub-directories of 1Mb or more:
libs 5.0Mb
Flavors: r-release-macos-arm64, r-release-macos-x86_64, r-oldrel-macos-arm64, r-oldrel-macos-x86_64