Last updated on 2022-08-18 04:56:37 CEST.
Flavor | Version | Tinstall | Tcheck | Ttotal | Status | Flags |
---|---|---|---|---|---|---|
r-devel-linux-x86_64-debian-clang | 1.3.5 | 6.30 | 62.29 | 68.59 | NOTE | |
r-devel-linux-x86_64-debian-gcc | 1.3.5 | 6.29 | 47.49 | 53.78 | NOTE | |
r-devel-linux-x86_64-fedora-clang | 1.3.5 | 101.45 | NOTE | |||
r-devel-linux-x86_64-fedora-gcc | 1.3.5 | 100.19 | NOTE | |||
r-devel-windows-x86_64 | 1.3.5 | 27.00 | 90.00 | 117.00 | NOTE | |
r-patched-linux-x86_64 | 1.3.5 | 8.21 | 58.12 | 66.33 | OK | |
r-release-linux-x86_64 | 1.3.5 | 6.07 | 58.65 | 64.72 | OK | |
r-release-macos-arm64 | 1.3.5 | 21.00 | NOTE | |||
r-release-macos-x86_64 | 1.3.5 | 35.00 | OK | |||
r-release-windows-x86_64 | 1.3.5 | 29.00 | 94.00 | 123.00 | OK | |
r-oldrel-macos-arm64 | 1.3.5 | 25.00 | NOTE | |||
r-oldrel-macos-x86_64 | 1.3.5 | 49.00 | OK | |||
r-oldrel-windows-ix86+x86_64 | 1.3.5 | 12.00 | 78.00 | 90.00 | OK |
Version: 1.3.5
Check: Rd files
Result: NOTE
checkRd: (-1) simulateSNPs.Rd:46: Escaped LaTeX specials: \& \& \&
checkRd: (-1) simulateSNPs.Rd:80: Escaped LaTeX specials: \& \& \&
Flavors: r-devel-linux-x86_64-debian-clang, r-devel-linux-x86_64-debian-gcc, r-devel-linux-x86_64-fedora-clang, r-devel-linux-x86_64-fedora-gcc, r-devel-windows-x86_64
Version: 1.3.5
Check: package dependencies
Result: NOTE
Package suggested but not available for checking: ‘oligoClasses’
Flavors: r-release-macos-arm64, r-oldrel-macos-arm64