CRAN Package Check Results for Package scrm

Last updated on 2022-09-27 04:50:42 CEST.

Flavor Version Tinstall Tcheck Ttotal Status Flags
r-devel-linux-x86_64-debian-clang 1.7.4-0 126.50 39.62 166.12 OK
r-devel-linux-x86_64-debian-gcc 1.7.4-0 94.71 30.95 125.66 OK
r-devel-linux-x86_64-fedora-clang 1.7.4-0 286.88 OK
r-devel-linux-x86_64-fedora-gcc 1.7.4-0 222.73 OK
r-devel-windows-x86_64 1.7.4-0 123.00 95.00 218.00 OK
r-patched-linux-x86_64 1.7.4-0 102.11 38.04 140.15 OK
r-release-linux-x86_64 1.7.4-0 101.51 37.94 139.45 OK
r-release-macos-arm64 1.7.4-0 53.00 OK
r-release-macos-x86_64 1.7.4-0 78.00 OK
r-release-windows-x86_64 1.7.4-0 121.00 95.00 216.00 OK
r-oldrel-macos-arm64 1.7.4-0 54.00 NOTE
r-oldrel-macos-x86_64 1.7.4-0 74.00 OK
r-oldrel-windows-ix86+x86_64 1.7.4-0 315.00 101.00 416.00 OK

Check Details

Version: 1.7.4-0
Check: installed package size
Result: NOTE
     installed size is 5.3Mb
     sub-directories of 1Mb or more:
     libs 5.2Mb
Flavor: r-oldrel-macos-arm64