Last updated on 2023-03-29 04:51:23 CEST.
Flavor | Version | Tinstall | Tcheck | Ttotal | Status | Flags |
---|---|---|---|---|---|---|
r-devel-linux-x86_64-debian-clang | 1.0.2 | 35.86 | 337.14 | 373.00 | OK | |
r-devel-linux-x86_64-debian-gcc | 1.0.2 | 32.12 | 250.85 | 282.97 | OK | |
r-devel-linux-x86_64-fedora-clang | 1.0.2 | 455.96 | NOTE | |||
r-devel-linux-x86_64-fedora-gcc | 1.0.2 | 487.37 | NOTE | |||
r-patched-linux-x86_64 | 1.0.2 | 23.55 | 320.71 | 344.26 | OK | |
r-release-linux-x86_64 | 1.0.2 | 24.95 | 320.72 | 345.67 | OK | |
r-release-macos-arm64 | 1.0.2 | 89.00 | NOTE | |||
r-release-macos-x86_64 | 1.0.2 | 161.00 | NOTE | |||
r-release-windows-x86_64 | 1.0.2 | 46.00 | 332.00 | 378.00 | OK | |
r-oldrel-macos-arm64 | 1.0.2 | 105.00 | NOTE | |||
r-oldrel-macos-x86_64 | 1.0.2 | 163.00 | NOTE | |||
r-oldrel-windows-ix86+x86_64 | 1.0.2 | 75.00 | 325.00 | 400.00 | OK |
Version: 1.0.2
Check: dependencies in R code
Result: NOTE
Namespaces in Imports field not imported from:
‘rgdal’ ‘rgeos’ ‘tidyr’
All declared Imports should be used.
Flavors: r-devel-linux-x86_64-fedora-clang, r-devel-linux-x86_64-fedora-gcc, r-release-macos-arm64, r-release-macos-x86_64, r-oldrel-macos-arm64, r-oldrel-macos-x86_64