CRAN Package Check Results for Package sdmApp

Last updated on 2022-12-03 03:57:20 CET.

Flavor Version Tinstall Tcheck Ttotal Status Flags
r-devel-linux-x86_64-debian-clang 0.0.2 3.19 57.23 60.42 OK
r-devel-linux-x86_64-debian-gcc 0.0.2 2.17 42.68 44.85 OK
r-devel-linux-x86_64-fedora-clang 0.0.2 86.27 NOTE
r-devel-linux-x86_64-fedora-gcc 0.0.2 84.28 NOTE
r-devel-windows-x86_64 0.0.2 39.00 88.00 127.00 OK
r-patched-linux-x86_64 0.0.2 4.88 52.68 57.56 OK
r-release-linux-x86_64 0.0.2 2.62 55.08 57.70 OK
r-release-macos-arm64 0.0.2 23.00 NOTE
r-release-macos-x86_64 0.0.2 48.00 NOTE
r-release-windows-x86_64 0.0.2 32.00 99.00 131.00 OK
r-oldrel-macos-arm64 0.0.2 28.00 NOTE
r-oldrel-macos-x86_64 0.0.2 27.00 NOTE
r-oldrel-windows-ix86+x86_64 0.0.2 8.00 86.00 94.00 OK

Check Details

Version: 0.0.2
Check: dependencies in R code
Result: NOTE
    Namespace in Imports field not imported from: ‘sp’
     All declared Imports should be used.
Flavors: r-devel-linux-x86_64-fedora-clang, r-devel-linux-x86_64-fedora-gcc, r-release-macos-arm64, r-release-macos-x86_64, r-oldrel-macos-arm64, r-oldrel-macos-x86_64