CRAN Package Check Results for Package secsse

Last updated on 2022-09-28 04:51:12 CEST.

Flavor Version Tinstall Tcheck Ttotal Status Flags
r-devel-linux-x86_64-debian-clang 2.1.7 6.16 236.73 242.89 OK
r-devel-linux-x86_64-debian-gcc 2.1.7 5.17 179.56 184.73 OK
r-devel-linux-x86_64-fedora-clang 2.1.7 309.45 OK
r-devel-linux-x86_64-fedora-gcc 2.1.7 304.79 OK
r-devel-windows-x86_64 2.1.7 22.00 280.00 302.00 NOTE
r-patched-linux-x86_64 2.1.7 5.53 236.47 242.00 OK
r-release-linux-x86_64 2.1.7 4.88 233.27 238.15 OK
r-release-macos-arm64 2.1.7 64.00 OK
r-release-macos-x86_64 2.1.7 155.00 OK
r-release-windows-x86_64 2.1.7 22.00 290.00 312.00 NOTE
r-oldrel-macos-arm64 2.1.7 87.00 OK
r-oldrel-macos-x86_64 2.1.7 116.00 OK
r-oldrel-windows-ix86+x86_64 2.1.7 17.00 424.00 441.00 NOTE

Check Details

Version: 2.1.7
Check: package dependencies
Result: NOTE
    Package which this enhances but not available for checking: 'doMC'
Flavors: r-devel-windows-x86_64, r-release-windows-x86_64, r-oldrel-windows-ix86+x86_64