CRAN Package Check Results for Package seqmagick

Last updated on 2022-11-26 03:58:19 CET.

Flavor Version Tinstall Tcheck Ttotal Status Flags
r-devel-linux-x86_64-debian-clang 0.1.5 16.09 151.48 167.57 OK
r-devel-linux-x86_64-debian-gcc 0.1.5 14.02 112.70 126.72 OK
r-devel-linux-x86_64-fedora-clang 0.1.5 226.15 OK
r-devel-linux-x86_64-fedora-gcc 0.1.5 231.58 OK
r-devel-windows-x86_64 0.1.5 39.00 171.00 210.00 OK
r-patched-linux-x86_64 0.1.5 OK
r-release-linux-x86_64 0.1.5 12.18 142.66 154.84 OK
r-release-macos-arm64 0.1.5 56.00 OK
r-release-macos-x86_64 0.1.5 80.00 NOTE
r-release-windows-x86_64 0.1.5 29.00 178.00 207.00 OK
r-oldrel-macos-arm64 0.1.5 56.00 NOTE
r-oldrel-macos-x86_64 0.1.5 104.00 NOTE
r-oldrel-windows-ix86+x86_64 0.1.5 32.00 164.00 196.00 OK

Check Details

Version: 0.1.5
Check: package dependencies
Result: NOTE
    Package suggested but not available for checking: ‘muscle’
Flavors: r-release-macos-x86_64, r-oldrel-macos-x86_64

Version: 0.1.5
Check: package dependencies
Result: NOTE
    Packages suggested but not available for checking:
     'GenomicAlignments', 'GenomicRanges', 'muscle', 'Rsamtools'
Flavor: r-oldrel-macos-arm64