CRAN Package Check Results for Package set

Last updated on 2022-10-04 04:50:42 CEST.

Flavor Version Tinstall Tcheck Ttotal Status Flags
r-devel-linux-x86_64-debian-clang 1.2 1.76 24.05 25.81 NOTE
r-devel-linux-x86_64-debian-gcc 1.2 1.90 18.80 20.70 NOTE
r-devel-linux-x86_64-fedora-clang 1.2 44.83 NOTE
r-devel-linux-x86_64-fedora-gcc 1.2 41.63 NOTE
r-devel-windows-x86_64 1.2 6.00 50.00 56.00 NOTE
r-patched-linux-x86_64 1.2 2.16 22.91 25.07 NOTE
r-release-linux-x86_64 1.2 2.43 23.28 25.71 NOTE
r-release-macos-arm64 1.2 15.00 NOTE
r-release-macos-x86_64 1.2 26.00 NOTE
r-release-windows-x86_64 1.2 13.00 51.00 64.00 NOTE
r-oldrel-macos-arm64 1.2 20.00 NOTE
r-oldrel-macos-x86_64 1.2 21.00 NOTE
r-oldrel-windows-ix86+x86_64 1.2 6.00 50.00 56.00 NOTE

Check Details

Version: 1.2
Check: LazyData
Result: NOTE
     'LazyData' is specified without a 'data' directory
Flavors: r-devel-linux-x86_64-debian-clang, r-devel-linux-x86_64-debian-gcc, r-devel-linux-x86_64-fedora-clang, r-devel-linux-x86_64-fedora-gcc, r-devel-windows-x86_64, r-patched-linux-x86_64, r-release-linux-x86_64, r-release-macos-arm64, r-release-macos-x86_64, r-release-windows-x86_64, r-oldrel-macos-arm64, r-oldrel-macos-x86_64, r-oldrel-windows-ix86+x86_64