Last updated on 2023-01-30 04:52:34 CET.
Flavor | Version | Tinstall | Tcheck | Ttotal | Status | Flags |
---|---|---|---|---|---|---|
r-devel-linux-x86_64-debian-clang | 0.2.1 | 36.99 | 126.88 | 163.87 | OK | |
r-devel-linux-x86_64-debian-gcc | 0.2.1 | 27.71 | 93.25 | 120.96 | NOTE | |
r-devel-linux-x86_64-fedora-clang | 0.2.1 | 222.30 | NOTE | |||
r-devel-linux-x86_64-fedora-gcc | 0.2.1 | 230.06 | NOTE | |||
r-devel-windows-x86_64 | 0.2.1 | 69.00 | 185.00 | 254.00 | NOTE | |
r-patched-linux-x86_64 | 0.2.1 | 29.96 | 120.55 | 150.51 | OK | |
r-release-linux-x86_64 | 0.2.1 | 25.06 | 119.02 | 144.08 | OK | |
r-release-macos-arm64 | 0.2.1 | 54.00 | OK | |||
r-release-macos-x86_64 | 0.2.1 | 92.00 | OK | |||
r-release-windows-x86_64 | 0.2.1 | 58.00 | 182.00 | 240.00 | OK | |
r-oldrel-macos-arm64 | 0.2.1 | 58.00 | OK | |||
r-oldrel-macos-x86_64 | 0.2.1 | 71.00 | OK | |||
r-oldrel-windows-ix86+x86_64 | 0.2.1 | 91.00 | 214.00 | 305.00 | OK |
Version: 0.2.1
Check: C++ specification
Result: NOTE
Specified C++11: please update to current default of C++17
Flavors: r-devel-linux-x86_64-debian-gcc, r-devel-linux-x86_64-fedora-clang, r-devel-linux-x86_64-fedora-gcc, r-devel-windows-x86_64