Last updated on 2023-03-29 04:51:23 CEST.
Flavor | Version | Tinstall | Tcheck | Ttotal | Status | Flags |
---|---|---|---|---|---|---|
r-devel-linux-x86_64-debian-clang | 1.1.1 | 7.73 | 51.59 | 59.32 | OK | |
r-devel-linux-x86_64-debian-gcc | 1.1.1 | 6.73 | 39.76 | 46.49 | OK | |
r-devel-linux-x86_64-fedora-clang | 1.1.1 | 73.38 | NOTE | |||
r-devel-linux-x86_64-fedora-gcc | 1.1.1 | 69.46 | OK | |||
r-patched-linux-x86_64 | 1.1.1 | 8.72 | 50.05 | 58.77 | OK | |
r-release-linux-x86_64 | 1.1.1 | 8.67 | 52.09 | 60.76 | OK | |
r-release-macos-arm64 | 1.1.1 | 24.00 | NOTE | |||
r-release-macos-x86_64 | 1.1.1 | 51.00 | NOTE | |||
r-release-windows-x86_64 | 1.1.1 | 16.00 | 95.00 | 111.00 | NOTE | |
r-oldrel-macos-arm64 | 1.1.1 | 23.00 | NOTE | |||
r-oldrel-macos-x86_64 | 1.1.1 | 38.00 | NOTE | |||
r-oldrel-windows-ix86+x86_64 | 1.1.1 | 20.00 | 83.00 | 103.00 | NOTE |
Version: 1.1.1
Check: installed package size
Result: NOTE
installed size is 20.6Mb
sub-directories of 1Mb or more:
www 19.7Mb
Flavors: r-devel-linux-x86_64-fedora-clang, r-release-macos-arm64, r-release-macos-x86_64, r-release-windows-x86_64, r-oldrel-macos-arm64, r-oldrel-macos-x86_64, r-oldrel-windows-ix86+x86_64
Version: 1.1.1
Check: dependencies in R code
Result: NOTE
Initiating curl with CURL_SSL_BACKEND: openssl
Flavor: r-oldrel-windows-ix86+x86_64