CRAN Package Check Results for Package shinydisconnect

Last updated on 2025-01-14 03:49:36 CET.

Flavor Version Tinstall Tcheck Ttotal Status Flags
r-devel-linux-x86_64-debian-clang 0.1.1 1.66 16.49 18.15 OK
r-devel-linux-x86_64-debian-gcc 0.1.1 1.43 14.20 15.63 OK
r-devel-linux-x86_64-fedora-clang 0.1.1 29.94 NOTE
r-devel-linux-x86_64-fedora-gcc 0.1.1 29.21 NOTE
r-devel-windows-x86_64 0.1.1 4.00 40.00 44.00 OK
r-patched-linux-x86_64 0.1.1 1.37 15.72 17.09 OK
r-release-linux-x86_64 0.1.1 1.44 16.27 17.71 OK
r-release-macos-arm64 0.1.1 15.00 OK
r-release-macos-x86_64 0.1.1 21.00 OK
r-release-windows-x86_64 0.1.1 3.00 40.00 43.00 OK
r-oldrel-macos-arm64 0.1.1 20.00 OK
r-oldrel-macos-x86_64 0.1.1 25.00 OK
r-oldrel-windows-x86_64 0.1.1 4.00 40.00 44.00 OK

Check Details

Version: 0.1.1
Check: dependencies in R code
Result: NOTE Namespace in Imports field not imported from: ‘shiny’ All declared Imports should be used. Flavors: r-devel-linux-x86_64-fedora-clang, r-devel-linux-x86_64-fedora-gcc