CRAN Package Check Results for Package shinydisconnect

Last updated on 2024-07-14 04:52:25 CEST.

Flavor Version Tinstall Tcheck Ttotal Status Flags
r-devel-linux-x86_64-debian-clang 0.1.1 2.24 21.44 23.68 OK
r-devel-linux-x86_64-debian-gcc 0.1.1 1.61 16.61 18.22 OK
r-devel-linux-x86_64-fedora-clang 0.1.1 29.66 NOTE
r-devel-linux-x86_64-fedora-gcc 0.1.1 27.36 NOTE
r-devel-windows-x86_64 0.1.1 3.00 39.00 42.00 OK
r-patched-linux-x86_64 0.1.1 2.22 19.98 22.20 OK
r-release-linux-x86_64 0.1.1 2.22 19.97 22.19 OK
r-release-macos-arm64 0.1.1 15.00 OK
r-release-macos-x86_64 0.1.1 21.00 OK
r-release-windows-x86_64 0.1.1 4.00 39.00 43.00 OK
r-oldrel-macos-arm64 0.1.1 20.00 OK
r-oldrel-macos-x86_64 0.1.1 25.00 OK
r-oldrel-windows-x86_64 0.1.1 4.00 39.00 43.00 OK

Check Details

Version: 0.1.1
Check: dependencies in R code
Result: NOTE Namespace in Imports field not imported from: ‘shiny’ All declared Imports should be used. Flavors: r-devel-linux-x86_64-fedora-clang, r-devel-linux-x86_64-fedora-gcc