Last updated on 2023-03-27 04:53:24 CEST.
Flavor | Version | Tinstall | Tcheck | Ttotal | Status | Flags |
---|---|---|---|---|---|---|
r-devel-linux-x86_64-debian-clang | 0.2.0 | 8.60 | 70.63 | 79.23 | NOTE | |
r-devel-linux-x86_64-debian-gcc | 0.2.0 | 6.31 | 53.32 | 59.63 | NOTE | |
r-devel-linux-x86_64-fedora-clang | 0.2.0 | 103.08 | NOTE | |||
r-devel-linux-x86_64-fedora-gcc | 0.2.0 | 102.37 | NOTE | |||
r-patched-linux-x86_64 | 0.2.0 | 6.53 | 66.81 | 73.34 | NOTE | |
r-release-linux-x86_64 | 0.2.0 | 5.55 | 73.46 | 79.01 | NOTE | |
r-release-macos-arm64 | 0.2.0 | 33.00 | NOTE | |||
r-release-macos-x86_64 | 0.2.0 | 64.00 | NOTE | |||
r-release-windows-x86_64 | 0.2.0 | 29.00 | 111.00 | 140.00 | NOTE | |
r-oldrel-macos-arm64 | 0.2.0 | 32.00 | NOTE | |||
r-oldrel-macos-x86_64 | 0.2.0 | 58.00 | NOTE | |||
r-oldrel-windows-ix86+x86_64 | 0.2.0 | 24.00 | 113.00 | 137.00 | NOTE |
Version: 0.2.0
Check: LazyData
Result: NOTE
'LazyData' is specified without a 'data' directory
Flavors: r-devel-linux-x86_64-debian-clang, r-devel-linux-x86_64-debian-gcc, r-devel-linux-x86_64-fedora-clang, r-devel-linux-x86_64-fedora-gcc, r-patched-linux-x86_64, r-release-linux-x86_64, r-release-macos-arm64, r-release-macos-x86_64, r-release-windows-x86_64, r-oldrel-macos-arm64, r-oldrel-macos-x86_64, r-oldrel-windows-ix86+x86_64
Version: 0.2.0
Check: dependencies in R code
Result: NOTE
Namespace in Imports field not imported from: ‘purrr’
All declared Imports should be used.
Flavors: r-devel-linux-x86_64-fedora-clang, r-devel-linux-x86_64-fedora-gcc, r-release-macos-arm64, r-release-macos-x86_64, r-oldrel-macos-arm64, r-oldrel-macos-x86_64