CRAN Package Check Results for Package signal

Last updated on 2022-10-03 04:59:40 CEST.

Flavor Version Tinstall Tcheck Ttotal Status Flags
r-devel-linux-x86_64-debian-clang 0.7-7 7.38 47.41 54.79 OK
r-devel-linux-x86_64-debian-gcc 0.7-7 5.50 35.95 41.45 OK
r-devel-linux-x86_64-fedora-clang 0.7-7 83.99 NOTE
r-devel-linux-x86_64-fedora-gcc 0.7-7 76.08 NOTE
r-devel-windows-x86_64 0.7-7 38.00 85.00 123.00 OK
r-patched-linux-x86_64 0.7-7 7.81 44.48 52.29 OK
r-release-linux-x86_64 0.7-7 5.80 44.21 50.01 OK
r-release-macos-arm64 0.7-7 23.00 OK
r-release-macos-x86_64 0.7-7 36.00 OK
r-release-windows-x86_64 0.7-7 40.00 91.00 131.00 OK
r-oldrel-macos-arm64 0.7-7 30.00 OK
r-oldrel-macos-x86_64 0.7-7 46.00 OK
r-oldrel-windows-ix86+x86_64 0.7-7 15.00 79.00 94.00 OK

Check Details

Version: 0.7-7
Check: compiled code
Result: NOTE
    File ‘signal/libs/signal.so’:
     Found no calls to: ‘R_registerRoutines’, ‘R_useDynamicSymbols’
    
    It is good practice to register native routines and to disable symbol
    search.
    
    See ‘Writing portable packages’ in the ‘Writing R Extensions’ manual.
Flavors: r-devel-linux-x86_64-fedora-clang, r-devel-linux-x86_64-fedora-gcc