CRAN Package Check Results for Package simDNAmixtures

Last updated on 2023-12-03 04:02:37 CET.

Flavor Version Tinstall Tcheck Ttotal Status Flags
r-devel-linux-x86_64-debian-clang 1.0.1 5.09 50.22 55.31 OK
r-devel-linux-x86_64-debian-gcc 1.0.1 3.70 37.05 40.75 OK
r-devel-linux-x86_64-fedora-clang 1.0.1 68.44 NOTE
r-devel-linux-x86_64-fedora-gcc 1.0.1 75.88 NOTE
r-devel-windows-x86_64 1.0.1 5.00 61.00 66.00 OK
r-patched-linux-x86_64 1.0.1 3.68 46.91 50.59 OK
r-release-linux-x86_64 1.0.1 2.68 48.19 50.87 OK
r-release-macos-arm64 1.0.1 33.00 OK
r-release-macos-x86_64 1.0.1 43.00 OK
r-release-windows-x86_64 1.0.1 6.00 68.00 74.00 OK
r-oldrel-macos-arm64 1.0.1 25.00 NOTE
r-oldrel-macos-x86_64 1.0.1 36.00 NOTE
r-oldrel-windows-x86_64 1.0.1 6.00 67.00 73.00 OK

Check Details

Version: 1.0.1
Check: dependencies in R code
Result: NOTE Namespaces in Imports field not imported from: ‘pedtools’ ‘readr’ All declared Imports should be used. Flavors: r-devel-linux-x86_64-fedora-clang, r-devel-linux-x86_64-fedora-gcc, r-oldrel-macos-arm64, r-oldrel-macos-x86_64