Last updated on 2023-12-10 04:00:11 CET.
Flavor | Version | Tinstall | Tcheck | Ttotal | Status | Flags |
---|---|---|---|---|---|---|
r-devel-linux-x86_64-debian-clang | 1.0.3 | 121.04 | 117.26 | 238.30 | OK | |
r-devel-linux-x86_64-debian-gcc | 1.0.3 | 91.17 | 108.70 | 199.87 | OK | |
r-devel-linux-x86_64-fedora-clang | 1.0.3 | 279.87 | OK | |||
r-devel-linux-x86_64-fedora-gcc | 1.0.3 | 305.56 | OK | |||
r-devel-windows-x86_64 | 1.0.3 | 85.00 | 107.00 | 192.00 | OK | |
r-patched-linux-x86_64 | 1.0.3 | 113.33 | 100.19 | 213.52 | OK | |
r-release-linux-x86_64 | 1.0.3 | 108.94 | 110.33 | 219.27 | OK | |
r-release-macos-arm64 | 1.0.3 | 66.00 | NOTE | |||
r-release-macos-x86_64 | 1.0.3 | 132.00 | NOTE | |||
r-release-windows-x86_64 | 1.0.3 | 106.00 | 114.00 | 220.00 | OK | |
r-oldrel-macos-arm64 | 1.0.3 | 67.00 | NOTE | |||
r-oldrel-macos-x86_64 | 1.0.3 | 101.00 | NOTE | |||
r-oldrel-windows-x86_64 | 1.0.3 | 101.00 | 125.00 | 226.00 | OK |
Version: 1.0.3
Check: installed package size
Result: NOTE
installed size is 20.7Mb
sub-directories of 1Mb or more:
libs 20.3Mb
Flavors: r-release-macos-arm64, r-release-macos-x86_64, r-oldrel-macos-arm64, r-oldrel-macos-x86_64