CRAN Package Check Results for Package slippymath

Last updated on 2022-10-05 04:51:05 CEST.

Flavor Version Tinstall Tcheck Ttotal Status Flags
r-devel-linux-x86_64-debian-clang 0.3.1 2.67 52.86 55.53 NOTE
r-devel-linux-x86_64-debian-gcc 0.3.1 2.15 41.52 43.67 NOTE
r-devel-linux-x86_64-fedora-clang 0.3.1 82.38 NOTE
r-devel-linux-x86_64-fedora-gcc 0.3.1 79.18 NOTE
r-devel-windows-x86_64 0.3.1 28.00 93.00 121.00 NOTE
r-patched-linux-x86_64 0.3.1 2.61 51.12 53.73 NOTE
r-release-linux-x86_64 0.3.1 2.35 53.35 55.70 NOTE
r-release-macos-arm64 0.3.1 25.00 NOTE
r-release-macos-x86_64 0.3.1 37.00 NOTE
r-release-windows-x86_64 0.3.1 6.00 91.00 97.00 NOTE
r-oldrel-macos-arm64 0.3.1 28.00 NOTE
r-oldrel-macos-x86_64 0.3.1 37.00 NOTE
r-oldrel-windows-ix86+x86_64 0.3.1 7.00 84.00 91.00 NOTE

Check Details

Version: 0.3.1
Check: LazyData
Result: NOTE
     'LazyData' is specified without a 'data' directory
Flavors: r-devel-linux-x86_64-debian-clang, r-devel-linux-x86_64-debian-gcc, r-devel-linux-x86_64-fedora-clang, r-devel-linux-x86_64-fedora-gcc, r-devel-windows-x86_64, r-patched-linux-x86_64, r-release-linux-x86_64, r-release-macos-arm64, r-release-macos-x86_64, r-release-windows-x86_64, r-oldrel-macos-arm64, r-oldrel-macos-x86_64, r-oldrel-windows-ix86+x86_64