CRAN Package Check Results for Package smooth

Last updated on 2022-09-30 04:59:22 CEST.

Flavor Version Tinstall Tcheck Ttotal Status Flags
r-devel-linux-x86_64-debian-clang 3.1.6 218.81 570.58 789.39 OK
r-devel-linux-x86_64-debian-gcc 3.1.6 183.74 404.99 588.73 OK
r-devel-linux-x86_64-fedora-clang 3.1.6 999.12 NOTE
r-devel-linux-x86_64-fedora-gcc 3.1.6 982.97 OK
r-devel-windows-x86_64 3.1.6 177.00 208.00 385.00 NOTE --no-vignettes
r-patched-linux-x86_64 3.1.6 135.03 513.51 648.54 OK
r-release-linux-x86_64 3.1.6 136.47 510.26 646.73 OK
r-release-macos-arm64 3.1.6 247.00 NOTE
r-release-macos-x86_64 3.1.6 316.00 NOTE
r-release-windows-x86_64 3.1.6 186.00 223.00 409.00 NOTE --no-vignettes
r-oldrel-macos-arm64 3.1.6 242.00 NOTE
r-oldrel-macos-x86_64 3.1.6 290.00 NOTE
r-oldrel-windows-ix86+x86_64 3.1.6 467.00 338.00 805.00 NOTE --no-vignettes

Check Details

Version: 3.1.6
Check: installed package size
Result: NOTE
     installed size is 6.0Mb
     sub-directories of 1Mb or more:
     R 1.2Mb
     doc 3.4Mb
Flavors: r-devel-linux-x86_64-fedora-clang, r-release-macos-arm64, r-release-macos-x86_64, r-oldrel-macos-arm64, r-oldrel-macos-x86_64

Version: 3.1.6
Flags: --no-vignettes
Check: package dependencies
Result: NOTE
    Package suggested but not available for checking: 'doMC'
Flavors: r-devel-windows-x86_64, r-release-windows-x86_64, r-oldrel-windows-ix86+x86_64

Version: 3.1.6
Flags: --no-vignettes
Check: installed package size
Result: NOTE
     installed size is 6.6Mb
     sub-directories of 1Mb or more:
     R 1.2Mb
     doc 3.4Mb
     libs 1.7Mb
Flavors: r-devel-windows-x86_64, r-release-windows-x86_64, r-oldrel-windows-ix86+x86_64