CRAN Package Check Results for Package smoothie

Last updated on 2022-10-04 04:50:43 CEST.

Flavor Version Tinstall Tcheck Ttotal Status Flags
r-devel-linux-x86_64-debian-clang 1.0-3 1.79 25.50 27.29 NOTE
r-devel-linux-x86_64-debian-gcc 1.0-3 1.61 20.32 21.93 NOTE
r-devel-linux-x86_64-fedora-clang 1.0-3 48.66 NOTE
r-devel-linux-x86_64-fedora-gcc 1.0-3 44.36 NOTE
r-devel-windows-x86_64 1.0-3 12.00 57.00 69.00 NOTE
r-patched-linux-x86_64 1.0-3 3.03 25.17 28.20 OK
r-release-linux-x86_64 1.0-3 1.98 24.73 26.71 OK
r-release-macos-arm64 1.0-3 16.00 OK
r-release-macos-x86_64 1.0-3 22.00 OK
r-release-windows-x86_64 1.0-3 15.00 56.00 71.00 OK
r-oldrel-macos-arm64 1.0-3 19.00 OK
r-oldrel-macos-x86_64 1.0-3 22.00 OK
r-oldrel-windows-ix86+x86_64 1.0-3 5.00 48.00 53.00 OK

Check Details

Version: 1.0-3
Check: Rd files
Result: NOTE
    checkRd: (-1) hoods2dsmooth.Rd:69: Escaped LaTeX specials: \&
    checkRd: (-1) kernel2dmeitsjer.Rd:75: Escaped LaTeX specials: \&
    checkRd: (-1) kernel2dsmooth.Rd:42: Escaped LaTeX specials: \&
    checkRd: (-1) smoothie-package.Rd:42: Escaped LaTeX specials: \&
Flavors: r-devel-linux-x86_64-debian-clang, r-devel-linux-x86_64-debian-gcc, r-devel-linux-x86_64-fedora-clang, r-devel-linux-x86_64-fedora-gcc, r-devel-windows-x86_64