Last updated on 2022-08-14 04:50:25 CEST.
Flavor | Version | Tinstall | Tcheck | Ttotal | Status | Flags |
---|---|---|---|---|---|---|
r-devel-linux-x86_64-debian-clang | 2.7.2 | 21.03 | 152.96 | 173.99 | OK | |
r-devel-linux-x86_64-debian-gcc | 2.7.2 | 13.79 | 111.64 | 125.43 | OK | |
r-devel-linux-x86_64-fedora-clang | 2.7.2 | 213.79 | OK | |||
r-devel-linux-x86_64-fedora-gcc | 2.7.2 | 199.61 | OK | |||
r-devel-windows-x86_64 | 2.7.2 | 74.00 | 170.00 | 244.00 | OK | |
r-patched-linux-x86_64 | 2.7.2 | 19.91 | 143.24 | 163.15 | OK | |
r-release-linux-x86_64 | 2.7.2 | 15.46 | 142.98 | 158.44 | OK | |
r-release-macos-arm64 | 2.7.2 | 56.00 | OK | |||
r-release-macos-x86_64 | 2.7.2 | 74.00 | OK | |||
r-release-windows-x86_64 | 2.7.2 | 58.00 | 174.00 | 232.00 | OK | |
r-oldrel-macos-arm64 | 2.7.2 | 51.00 | NOTE | |||
r-oldrel-macos-x86_64 | 2.7.2 | 72.00 | OK | |||
r-oldrel-windows-ix86+x86_64 | 2.7.2 | 29.00 | 166.00 | 195.00 | OK |
Version: 2.7.2
Check: package dependencies
Result: NOTE
Package suggested but not available for checking: ‘raster’
Flavor: r-oldrel-macos-arm64