CRAN Package Check Results for Package soundcorrs

Last updated on 2022-11-27 03:58:00 CET.

Flavor Version Tinstall Tcheck Ttotal Status Flags
r-devel-linux-x86_64-debian-clang 0.4.0 4.55 70.49 75.04 NOTE
r-devel-linux-x86_64-debian-gcc 0.4.0 3.65 50.81 54.46 NOTE
r-devel-linux-x86_64-fedora-clang 0.4.0 102.27 NOTE
r-devel-linux-x86_64-fedora-gcc 0.4.0 99.02 NOTE
r-devel-windows-x86_64 0.4.0 55.00 117.00 172.00 NOTE
r-patched-linux-x86_64 0.4.0 6.00 63.38 69.38 NOTE
r-release-linux-x86_64 0.4.0 4.51 64.16 68.67 NOTE
r-release-macos-arm64 0.4.0 26.00 NOTE
r-release-macos-x86_64 0.4.0 48.00 NOTE
r-release-windows-x86_64 0.4.0 49.00 100.00 149.00 NOTE
r-oldrel-macos-arm64 0.4.0 26.00 NOTE
r-oldrel-macos-x86_64 0.4.0 46.00 NOTE
r-oldrel-windows-ix86+x86_64 0.4.0 11.00 93.00 104.00 NOTE

Check Details

Version: 0.4.0
Check: LazyData
Result: NOTE
     'LazyData' is specified without a 'data' directory
Flavors: r-devel-linux-x86_64-debian-clang, r-devel-linux-x86_64-debian-gcc, r-devel-linux-x86_64-fedora-clang, r-devel-linux-x86_64-fedora-gcc, r-devel-windows-x86_64, r-patched-linux-x86_64, r-release-linux-x86_64, r-release-macos-arm64, r-release-macos-x86_64, r-release-windows-x86_64, r-oldrel-macos-arm64, r-oldrel-macos-x86_64, r-oldrel-windows-ix86+x86_64