Last updated on 2023-12-02 03:57:56 CET.
Flavor | Version | Tinstall | Tcheck | Ttotal | Status | Flags |
---|---|---|---|---|---|---|
r-devel-linux-x86_64-debian-clang | 0.4.0 | 5.23 | 69.72 | 74.95 | NOTE | |
r-devel-linux-x86_64-debian-gcc | 0.4.0 | 4.50 | 52.33 | 56.83 | NOTE | |
r-devel-linux-x86_64-fedora-clang | 0.4.0 | 93.91 | NOTE | |||
r-devel-linux-x86_64-fedora-gcc | 0.4.0 | 100.74 | NOTE | |||
r-devel-windows-x86_64 | 0.4.0 | 5.00 | 81.00 | 86.00 | NOTE | |
r-patched-linux-x86_64 | 0.4.0 | 6.13 | 65.97 | 72.10 | NOTE | |
r-release-linux-x86_64 | 0.4.0 | 4.07 | 66.67 | 70.74 | NOTE | |
r-release-macos-arm64 | 0.4.0 | 32.00 | NOTE | |||
r-release-macos-x86_64 | 0.4.0 | 54.00 | NOTE | |||
r-release-windows-x86_64 | 0.4.0 | 5.00 | 92.00 | 97.00 | NOTE | |
r-oldrel-macos-arm64 | 0.4.0 | 29.00 | NOTE | |||
r-oldrel-macos-x86_64 | 0.4.0 | 48.00 | NOTE | |||
r-oldrel-windows-x86_64 | 0.4.0 | 8.00 | 83.00 | 91.00 | NOTE |
Version: 0.4.0
Check: Rd \usage sections
Result: NOTE
Documented arguments not in \usage in Rd file 'path2name.Rd':
‘x’
Functions with \usage entries need to have the appropriate \alias
entries, and all their arguments documented.
The \usage entries must correspond to syntactically valid R code.
See chapter ‘Writing R documentation files’ in the ‘Writing R
Extensions’ manual.
Flavors: r-devel-linux-x86_64-debian-clang, r-devel-linux-x86_64-debian-gcc, r-devel-linux-x86_64-fedora-clang, r-devel-linux-x86_64-fedora-gcc, r-devel-windows-x86_64
Version: 0.4.0
Check: LazyData
Result: NOTE
'LazyData' is specified without a 'data' directory
Flavors: r-devel-linux-x86_64-debian-clang, r-devel-linux-x86_64-debian-gcc, r-devel-linux-x86_64-fedora-clang, r-devel-linux-x86_64-fedora-gcc, r-devel-windows-x86_64, r-patched-linux-x86_64, r-release-linux-x86_64, r-release-macos-arm64, r-release-macos-x86_64, r-release-windows-x86_64, r-oldrel-macos-arm64, r-oldrel-macos-x86_64, r-oldrel-windows-x86_64