CRAN Package Check Results for Package spCP

Last updated on 2022-12-06 04:03:04 CET.

Flavor Version Tinstall Tcheck Ttotal Status Flags
r-devel-linux-x86_64-debian-clang 1.3 248.30 299.54 547.84 OK
r-devel-linux-x86_64-debian-gcc 1.3 199.83 223.77 423.60 OK
r-devel-linux-x86_64-fedora-clang 1.3 691.23 OK
r-devel-linux-x86_64-fedora-gcc 1.3 723.00 OK
r-devel-windows-x86_64 1.3 184.00 391.00 575.00 OK
r-patched-linux-x86_64 1.3 208.53 251.41 459.94 OK
r-release-linux-x86_64 1.3 213.06 251.25 464.31 OK
r-release-macos-arm64 1.3 221.00 NOTE
r-release-macos-x86_64 1.3 233.00 NOTE
r-release-windows-x86_64 1.3 190.00 355.00 545.00 OK
r-oldrel-macos-arm64 1.3 202.00 NOTE
r-oldrel-macos-x86_64 1.3 234.00 NOTE
r-oldrel-windows-ix86+x86_64 1.3 636.00 489.00 1125.00 OK

Check Details

Version: 1.3
Check: installed package size
Result: NOTE
     installed size is 9.5Mb
     sub-directories of 1Mb or more:
     libs 8.9Mb
Flavors: r-release-macos-arm64, r-release-macos-x86_64, r-oldrel-macos-arm64, r-oldrel-macos-x86_64