CRAN Package Check Results for Package spMaps

Last updated on 2023-01-29 03:55:27 CET.

Flavor Version Tinstall Tcheck Ttotal Status Flags
r-devel-linux-x86_64-debian-clang 0.4.0 33.68 287.58 321.26 NOTE
r-devel-linux-x86_64-debian-gcc 0.4.0 27.81 206.12 233.93 NOTE
r-devel-linux-x86_64-fedora-clang 0.4.0 396.16 NOTE
r-devel-linux-x86_64-fedora-gcc 0.4.0 395.21 NOTE
r-patched-linux-x86_64 0.4.0 27.33 275.98 303.31 NOTE
r-release-linux-x86_64 0.4.0 32.99 274.49 307.48 NOTE
r-release-macos-arm64 0.4.0 83.00 NOTE
r-release-macos-x86_64 0.4.0 112.00 NOTE
r-release-windows-x86_64 0.4.0 38.00 267.00 305.00 NOTE
r-oldrel-macos-arm64 0.4.0 55.00 NOTE
r-oldrel-macos-x86_64 0.4.0 93.00 NOTE
r-oldrel-windows-ix86+x86_64 0.4.0 69.00 288.00 357.00 NOTE

Check Details

Version: 0.4.0
Check: LazyData
Result: NOTE
     'LazyData' is specified without a 'data' directory
Flavors: r-devel-linux-x86_64-debian-clang, r-devel-linux-x86_64-debian-gcc, r-devel-linux-x86_64-fedora-clang, r-devel-linux-x86_64-fedora-gcc, r-patched-linux-x86_64, r-release-linux-x86_64, r-release-macos-arm64, r-release-macos-x86_64, r-release-windows-x86_64, r-oldrel-macos-arm64, r-oldrel-macos-x86_64, r-oldrel-windows-ix86+x86_64

Version: 0.4.0
Check: package dependencies
Result: NOTE
    Package suggested but not available for checking: ‘antaresViz’
Flavors: r-release-macos-arm64, r-oldrel-macos-arm64

Version: 0.4.0
Check: Rd cross-references
Result: NOTE
    Package unavailable to check Rd xrefs: ‘antaresViz’
Flavors: r-release-macos-arm64, r-oldrel-macos-arm64