Last updated on 2023-12-03 04:02:38 CET.
Flavor | Version | Tinstall | Tcheck | Ttotal | Status | Flags |
---|---|---|---|---|---|---|
r-devel-linux-x86_64-debian-clang | 1.4-0 | 7.27 | 61.57 | 68.84 | NOTE | |
r-devel-linux-x86_64-debian-gcc | 1.4-0 | 4.91 | 45.84 | 50.75 | NOTE | |
r-devel-linux-x86_64-fedora-clang | 1.4-0 | 86.83 | NOTE | |||
r-devel-linux-x86_64-fedora-gcc | 1.4-0 | 94.60 | NOTE | |||
r-devel-windows-x86_64 | 1.4-0 | 7.00 | 75.00 | 82.00 | NOTE | |
r-patched-linux-x86_64 | 1.4-0 | 8.02 | 58.95 | 66.97 | OK | |
r-release-linux-x86_64 | 1.4-0 | 7.37 | 59.39 | 66.76 | OK | |
r-release-macos-arm64 | 1.4-0 | 32.00 | OK | |||
r-release-macos-x86_64 | 1.4-0 | 48.00 | OK | |||
r-release-windows-x86_64 | 1.4-0 | 8.00 | 85.00 | 93.00 | OK | |
r-oldrel-macos-arm64 | 1.4-0 | 27.00 | OK | |||
r-oldrel-macos-x86_64 | 1.4-0 | 36.00 | OK | |||
r-oldrel-windows-x86_64 | 1.4-0 | 9.00 | 82.00 | 91.00 | OK |
Version: 1.4-0
Check: package namespace information
Result: NOTE
Found export directive that requires package ‘methods’:
‘exportClasses’
Remove all such namespace directives (if obsolete) or ensure that the
DESCRIPTION Depends or Imports field contains ‘methods’.
Flavors: r-devel-linux-x86_64-debian-clang, r-devel-linux-x86_64-debian-gcc, r-devel-linux-x86_64-fedora-clang, r-devel-linux-x86_64-fedora-gcc, r-devel-windows-x86_64