Last updated on 2023-12-11 04:03:43 CET.
Flavor | Version | Tinstall | Tcheck | Ttotal | Status | Flags |
---|---|---|---|---|---|---|
r-devel-linux-x86_64-debian-clang | 0.6.0 | 2.35 | 66.85 | 69.20 | NOTE | |
r-devel-linux-x86_64-debian-gcc | 0.6.0 | 1.86 | 47.92 | 49.78 | NOTE | |
r-devel-linux-x86_64-fedora-clang | 0.6.0 | 84.32 | NOTE | |||
r-devel-linux-x86_64-fedora-gcc | 0.6.0 | 103.60 | NOTE | |||
r-devel-windows-x86_64 | 0.6.0 | 3.00 | 109.00 | 112.00 | NOTE | |
r-patched-linux-x86_64 | 0.6.0 | 2.50 | 62.08 | 64.58 | NOTE | |
r-release-linux-x86_64 | 0.6.0 | 1.88 | 62.67 | 64.55 | NOTE | |
r-release-macos-arm64 | 0.6.0 | 44.00 | NOTE | |||
r-release-macos-x86_64 | 0.6.0 | 70.00 | NOTE | |||
r-release-windows-x86_64 | 0.6.0 | 3.00 | 101.00 | 104.00 | NOTE | |
r-oldrel-macos-arm64 | 0.6.0 | 42.00 | NOTE | |||
r-oldrel-macos-x86_64 | 0.6.0 | 58.00 | NOTE | |||
r-oldrel-windows-x86_64 | 0.6.0 | 4.00 | 99.00 | 103.00 | NOTE |
Version: 0.6.0
Check: LazyData
Result: NOTE
'LazyData' is specified without a 'data' directory
Flavors: r-devel-linux-x86_64-debian-clang, r-devel-linux-x86_64-debian-gcc, r-devel-linux-x86_64-fedora-clang, r-devel-linux-x86_64-fedora-gcc, r-devel-windows-x86_64, r-patched-linux-x86_64, r-release-linux-x86_64, r-release-macos-arm64, r-release-macos-x86_64, r-release-windows-x86_64, r-oldrel-macos-arm64, r-oldrel-macos-x86_64, r-oldrel-windows-x86_64
Version: 0.6.0
Check: dependencies in R code
Result: NOTE
Namespace in Imports field not imported from: ‘utils’
All declared Imports should be used.
Flavors: r-devel-linux-x86_64-fedora-clang, r-devel-linux-x86_64-fedora-gcc, r-oldrel-macos-x86_64