CRAN Package Check Results for Package sparkavro

Last updated on 2022-08-16 04:53:51 CEST.

Flavor Version Tinstall Tcheck Ttotal Status Flags
r-devel-linux-x86_64-debian-clang 0.3.0 7.94 66.68 74.62 NOTE
r-devel-linux-x86_64-debian-gcc 0.3.0 5.57 50.47 56.04 NOTE
r-devel-linux-x86_64-fedora-clang 0.3.0 102.92 NOTE
r-devel-linux-x86_64-fedora-gcc 0.3.0 96.57 NOTE
r-devel-windows-x86_64 0.3.0 15.00 95.00 110.00 NOTE
r-patched-linux-x86_64 0.3.0 6.24 62.47 68.71 NOTE
r-release-linux-x86_64 0.3.0 5.00 62.91 67.91 NOTE
r-release-macos-arm64 0.3.0 28.00 NOTE
r-release-macos-x86_64 0.3.0 47.00 NOTE
r-release-windows-x86_64 0.3.0 11.00 91.00 102.00 NOTE
r-oldrel-macos-arm64 0.3.0 28.00 NOTE
r-oldrel-macos-x86_64 0.3.0 51.00 NOTE
r-oldrel-windows-ix86+x86_64 0.3.0 19.00 95.00 114.00 NOTE

Check Details

Version: 0.3.0
Check: LazyData
Result: NOTE
     'LazyData' is specified without a 'data' directory
Flavors: r-devel-linux-x86_64-debian-clang, r-devel-linux-x86_64-debian-gcc, r-devel-linux-x86_64-fedora-clang, r-devel-linux-x86_64-fedora-gcc, r-devel-windows-x86_64, r-patched-linux-x86_64, r-release-linux-x86_64, r-release-macos-arm64, r-release-macos-x86_64, r-release-windows-x86_64, r-oldrel-macos-arm64, r-oldrel-macos-x86_64, r-oldrel-windows-ix86+x86_64