Last updated on 2023-10-02 05:06:51 CEST.
Flavor | Version | Tinstall | Tcheck | Ttotal | Status | Flags |
---|---|---|---|---|---|---|
r-devel-linux-x86_64-debian-clang | 2.3-10 | 17.68 | 141.68 | 159.36 | OK | |
r-devel-linux-x86_64-debian-gcc | 2.3-10 | 13.98 | 105.39 | 119.37 | OK | |
r-devel-linux-x86_64-fedora-clang | 2.3-10 | 195.30 | NOTE | |||
r-devel-linux-x86_64-fedora-gcc | 2.3-10 | 207.39 | OK | |||
r-devel-windows-x86_64 | 2.3-10 | 16.00 | 121.00 | 137.00 | OK | |
r-patched-linux-x86_64 | 2.3-10 | 23.10 | 137.86 | 160.96 | OK | |
r-release-linux-x86_64 | 2.3-10 | 12.34 | 139.73 | 152.07 | OK | |
r-release-macos-arm64 | 2.3-10 | 59.00 | OK | |||
r-release-macos-x86_64 | 2.3-10 | 108.00 | NOTE | |||
r-release-windows-x86_64 | 2.3-10 | 21.00 | 148.00 | 169.00 | OK | |
r-oldrel-macos-arm64 | 2.3-10 | 55.00 | OK | |||
r-oldrel-macos-x86_64 | 2.3-10 | 107.00 | OK | |||
r-oldrel-windows-x86_64 | 2.3-10 | 21.00 | 140.00 | 161.00 | OK |
Version: 2.3-10
Check: Rd cross-references
Result: NOTE
Undeclared packages ‘splancs’, ‘spatstat.data’ in Rd xrefs
Flavor: r-devel-linux-x86_64-fedora-clang
Version: 2.3-10
Check: package dependencies
Result: NOTE
Package suggested but not available for checking: ‘fftwtools’
Flavor: r-release-macos-x86_64