Last updated on 2022-08-10 04:54:13 CEST.
Flavor | Version | Tinstall | Tcheck | Ttotal | Status | Flags |
---|---|---|---|---|---|---|
r-devel-linux-x86_64-debian-clang | 0.4.1 | 18.83 | 147.31 | 166.14 | NOTE | |
r-devel-linux-x86_64-debian-gcc | 0.4.1 | 13.94 | 108.49 | 122.43 | NOTE | |
r-devel-linux-x86_64-fedora-clang | 0.4.1 | 201.96 | NOTE | |||
r-devel-linux-x86_64-fedora-gcc | 0.4.1 | 200.78 | NOTE | |||
r-devel-windows-x86_64 | 0.4.1 | 29.00 | 156.00 | 185.00 | NOTE | |
r-patched-linux-x86_64 | 0.4.1 | 22.84 | 137.67 | 160.51 | OK | |
r-release-linux-x86_64 | 0.4.1 | OK | ||||
r-release-macos-arm64 | 0.4.1 | 55.00 | OK | |||
r-release-macos-x86_64 | 0.4.1 | 94.00 | OK | |||
r-release-windows-x86_64 | 0.4.1 | 21.00 | 157.00 | 178.00 | OK | |
r-oldrel-macos-arm64 | 0.4.1 | 60.00 | OK | |||
r-oldrel-macos-x86_64 | 0.4.1 | 68.00 | OK | |||
r-oldrel-windows-ix86+x86_64 | 0.4.1 | 38.00 | 152.00 | 190.00 | OK |
Version: 0.4.1
Check: package subdirectories
Result: NOTE
Problems with news in 'NEWS.md':
No news entries found.
Flavors: r-devel-linux-x86_64-debian-clang, r-devel-linux-x86_64-debian-gcc, r-devel-linux-x86_64-fedora-clang, r-devel-linux-x86_64-fedora-gcc, r-devel-windows-x86_64