Last updated on 2022-08-09 04:52:32 CEST.
Flavor | Version | Tinstall | Tcheck | Ttotal | Status | Flags |
---|---|---|---|---|---|---|
r-devel-linux-x86_64-debian-clang | 0.7.0 | 59.99 | 366.23 | 426.22 | OK | |
r-devel-linux-x86_64-debian-gcc | 0.7.0 | 48.54 | 265.18 | 313.72 | OK | |
r-devel-linux-x86_64-fedora-clang | 0.7.0 | 493.35 | NOTE | |||
r-devel-linux-x86_64-fedora-gcc | 0.7.0 | 501.81 | NOTE | |||
r-devel-windows-x86_64 | 0.7.0 | 74.00 | 387.00 | 461.00 | NOTE | |
r-patched-linux-x86_64 | 0.7.0 | 48.43 | 350.51 | 398.94 | OK | |
r-release-linux-x86_64 | 0.7.0 | OK | ||||
r-release-macos-arm64 | 0.7.0 | 134.00 | NOTE | |||
r-release-macos-x86_64 | 0.7.0 | 225.00 | NOTE | |||
r-release-windows-x86_64 | 0.7.0 | 81.00 | 379.00 | 460.00 | NOTE | |
r-oldrel-macos-arm64 | 0.7.0 | 131.00 | NOTE | |||
r-oldrel-macos-x86_64 | 0.7.0 | 173.00 | NOTE | |||
r-oldrel-windows-ix86+x86_64 | 0.7.0 | 136.00 | 538.00 | 674.00 | NOTE |
Version: 0.7.0
Check: installed package size
Result: NOTE
installed size is 5.3Mb
sub-directories of 1Mb or more:
data 2.6Mb
help 1.7Mb
Flavors: r-devel-linux-x86_64-fedora-clang, r-devel-windows-x86_64, r-release-macos-arm64, r-release-macos-x86_64, r-release-windows-x86_64, r-oldrel-macos-arm64, r-oldrel-macos-x86_64, r-oldrel-windows-ix86+x86_64
Version: 0.7.0
Check: data for non-ASCII characters
Result: NOTE
Note: found 283 marked UTF-8 strings
Flavors: r-devel-linux-x86_64-fedora-clang, r-devel-linux-x86_64-fedora-gcc, r-release-macos-arm64, r-release-macos-x86_64, r-oldrel-macos-arm64, r-oldrel-macos-x86_64