Last updated on 2023-12-09 04:02:09 CET.
Flavor | Version | Tinstall | Tcheck | Ttotal | Status | Flags |
---|---|---|---|---|---|---|
r-devel-linux-x86_64-debian-clang | 0.2.3 | 303.93 | 38.88 | 342.81 | NOTE | |
r-devel-linux-x86_64-debian-gcc | 0.2.3 | 229.25 | 29.66 | 258.91 | NOTE | |
r-devel-linux-x86_64-fedora-clang | 0.2.3 | 449.24 | NOTE | |||
r-devel-linux-x86_64-fedora-gcc | 0.2.3 | 555.07 | NOTE | |||
r-devel-windows-x86_64 | 0.2.3 | 213.00 | 93.00 | 306.00 | NOTE | |
r-patched-linux-x86_64 | 0.2.3 | 268.75 | 37.72 | 306.47 | NOTE | |
r-release-linux-x86_64 | 0.2.3 | 278.13 | 36.85 | 314.98 | NOTE | |
r-release-macos-arm64 | 0.2.3 | 120.00 | NOTE | |||
r-release-macos-x86_64 | 0.2.3 | 191.00 | NOTE | |||
r-release-windows-x86_64 | 0.2.3 | 272.00 | 100.00 | 372.00 | NOTE | |
r-oldrel-macos-arm64 | 0.2.3 | 102.00 | NOTE | |||
r-oldrel-macos-x86_64 | 0.2.3 | 135.00 | NOTE | |||
r-oldrel-windows-x86_64 | 0.2.3 | 260.00 | 97.00 | 357.00 | OK |
Version: 0.2.3
Check: C++ specification
Result: NOTE
Specified C++11: please drop specification unless essential
Flavors: r-devel-linux-x86_64-debian-clang, r-devel-linux-x86_64-debian-gcc, r-devel-linux-x86_64-fedora-clang, r-devel-linux-x86_64-fedora-gcc, r-devel-windows-x86_64, r-patched-linux-x86_64, r-release-linux-x86_64, r-release-macos-arm64, r-release-macos-x86_64, r-release-windows-x86_64
Version: 0.2.3
Check: installed package size
Result: NOTE
installed size is 14.9Mb
sub-directories of 1Mb or more:
doc 1.2Mb
libs 13.4Mb
Flavors: r-release-macos-arm64, r-release-macos-x86_64, r-oldrel-macos-arm64, r-oldrel-macos-x86_64