CRAN Package Check Results for Package spatstat.data

Last updated on 2022-09-30 04:59:22 CEST.

Flavor Version Tinstall Tcheck Ttotal Status Flags
r-devel-linux-x86_64-debian-clang 2.2-0 8.04 87.76 95.80 NOTE
r-devel-linux-x86_64-debian-gcc 2.2-0 9.01 67.16 76.17 NOTE
r-devel-linux-x86_64-fedora-clang 2.2-0 133.18 NOTE
r-devel-linux-x86_64-fedora-gcc 2.2-0 125.33 NOTE
r-devel-windows-x86_64 2.2-0 129.00 135.00 264.00 NOTE
r-patched-linux-x86_64 2.2-0 12.18 83.12 95.30 OK
r-release-linux-x86_64 2.2-0 8.40 82.71 91.11 OK
r-release-macos-arm64 2.2-0 34.00 OK
r-release-macos-x86_64 2.2-0 54.00 OK
r-release-windows-x86_64 2.2-0 133.00 132.00 265.00 OK
r-oldrel-macos-arm64 2.2-0 31.00 OK
r-oldrel-macos-x86_64 2.2-0 59.00 OK
r-oldrel-windows-ix86+x86_64 2.2-0 21.00 117.00 138.00 OK

Check Details

Version: 2.2-0
Check: Rd files
Result: NOTE
    checkRd: (-1) ants.Rd:12: Escaped LaTeX specials: \&
    checkRd: (-1) ants.Rd:26: Escaped LaTeX specials: \&
    checkRd: (-1) ants.Rd:36: Escaped LaTeX specials: \& \&
    checkRd: (-1) ants.Rd:38: Escaped LaTeX specials: \&
    checkRd: (-1) ants.Rd:40: Escaped LaTeX specials: \&
    checkRd: (-1) ants.Rd:55: Escaped LaTeX specials: \&
    checkRd: (-1) ants.Rd:124: Escaped LaTeX specials: \&
Flavors: r-devel-linux-x86_64-debian-clang, r-devel-linux-x86_64-debian-gcc, r-devel-linux-x86_64-fedora-clang, r-devel-linux-x86_64-fedora-gcc, r-devel-windows-x86_64